{"id":9350,"date":"2024-06-07T11:48:04","date_gmt":"2024-06-07T09:48:04","guid":{"rendered":"https:\/\/schulebza.de\/rsplus\/?page_id=9350"},"modified":"2024-06-07T11:48:06","modified_gmt":"2024-06-07T09:48:06","slug":"theaterstueck-besuch-der-alten-dame","status":"publish","type":"page","link":"https:\/\/schulebza.de\/rsplus\/theaterstueck-besuch-der-alten-dame\/","title":{"rendered":"Theaterst\u00fcck: Besuch der alten Dame"},"content":{"rendered":"\n<p>Ger(a)echt? Der Besuch der alten Dame Im Rahmen der aktuellen Lekt\u00fcre \u201eDer Besuch der alten Dame\u201c von Friedrich D\u00fcrrenmatt, die im Deutschunterricht der Klassen 10R und 10S behandelt wird, hatten wir das Knirps-Theater aus Bad Ems zu Gast. Astrid Sacher verk\u00f6rperte in einem \u201eheimt\u00fcckisch-komisch-b\u00f6sartigen Solo\u201c (<a href=\"http:\/\/www.knirpstheater.de\/\" target=\"_blank\" rel=\"noreferrer noopener\">www.knirpstheater.de<\/a>) nicht nur die dazu erfundene Erz\u00e4hlfigur, sondern auch alle wichtigen Figuren des Dramas. Dabei stellte sie ihr schauspielerisches K\u00f6nnen grandios unter Beweis und es gelang ihr, in st\u00e4ndigem Wechsel von Mimik, Gestik, Tonlage und Stimme jedem Charakter ein eigenes Leben einzuhauchen. Die grunds\u00e4tzliche Frage nach Gerechtigkeit und Moral wurde mit einigen Anspielungen auch in die aktuellste Gegenwart \u00fcbertragen. Nach der Auff\u00fchrung lud die Schauspielerin noch dazu ein, ins Gespr\u00e4ch zu kommen. Diese Chance nutzten viele Sch\u00fclerinnen und Sch\u00fcler und zeigten dabei auch ihre Begeisterung \u00fcber dieses Theatererlebnis. Die neu gewonnenen Erkenntnisse \u00fcber das St\u00fcck k\u00f6nnen nun sinnvoll im Unterricht eingebracht werden.<\/p>\n\n\n\n<figure class=\"wp-block-gallery has-nested-images columns-default is-cropped wp-block-gallery-1 is-layout-flex wp-block-gallery-is-layout-flex\">\n<figure class=\"wp-block-image size-large\"><img loading=\"lazy\" decoding=\"async\" width=\"480\" height=\"640\" data-id=\"9349\" src=\"https:\/\/schulebza.de\/rsplus\/wp-content\/uploads\/2024\/06\/image0-1-rotated.jpeg\" alt=\"\" class=\"wp-image-9349\"\/><\/figure>\n\n\n\n<figure class=\"wp-block-image size-large\"><img loading=\"lazy\" decoding=\"async\" width=\"480\" height=\"640\" data-id=\"9345\" src=\"https:\/\/schulebza.de\/rsplus\/wp-content\/uploads\/2024\/06\/image6-1-rotated.jpeg\" alt=\"\" class=\"wp-image-9345\"\/><\/figure>\n\n\n\n<figure class=\"wp-block-image size-large\"><img loading=\"lazy\" decoding=\"async\" width=\"480\" height=\"640\" data-id=\"9348\" src=\"https:\/\/schulebza.de\/rsplus\/wp-content\/uploads\/2024\/06\/image5-1-rotated.jpeg\" alt=\"\" class=\"wp-image-9348\"\/><\/figure>\n\n\n\n<figure class=\"wp-block-image size-large\"><img loading=\"lazy\" decoding=\"async\" width=\"480\" height=\"640\" data-id=\"9347\" src=\"https:\/\/schulebza.de\/rsplus\/wp-content\/uploads\/2024\/06\/image2-1-rotated.jpeg\" alt=\"\" class=\"wp-image-9347\"\/><\/figure>\n\n\n\n<figure class=\"wp-block-image size-large\"><img loading=\"lazy\" decoding=\"async\" width=\"480\" height=\"640\" data-id=\"9346\" src=\"https:\/\/schulebza.de\/rsplus\/wp-content\/uploads\/2024\/06\/image4-2-rotated.jpeg\" alt=\"\" class=\"wp-image-9346\"\/><\/figure>\n<\/figure>\n","protected":false},"excerpt":{"rendered":"<p>Ger(a)echt? Der Besuch der alten Dame Im Rahmen der aktuellen Lekt\u00fcre \u201eDer Besuch der alten Dame\u201c von Friedrich D\u00fcrrenmatt, die im Deutschunterricht der Klassen 10R und 10S behandelt wird, hatten [&hellip;]<\/p>\n","protected":false},"author":10,"featured_media":0,"parent":0,"menu_order":0,"comment_status":"closed","ping_status":"closed","template":"","meta":{"_et_pb_use_builder":"off","_et_pb_old_content":"","_et_gb_content_width":"","footnotes":""},"class_list":["post-9350","page","type-page","status-publish","hentry"],"_links":{"self":[{"href":"https:\/\/schulebza.de\/rsplus\/wp-json\/wp\/v2\/pages\/9350","targetHints":{"allow":["GET"]}}],"collection":[{"href":"https:\/\/schulebza.de\/rsplus\/wp-json\/wp\/v2\/pages"}],"about":[{"href":"https:\/\/schulebza.de\/rsplus\/wp-json\/wp\/v2\/types\/page"}],"author":[{"embeddable":true,"href":"https:\/\/schulebza.de\/rsplus\/wp-json\/wp\/v2\/users\/10"}],"replies":[{"embeddable":true,"href":"https:\/\/schulebza.de\/rsplus\/wp-json\/wp\/v2\/comments?post=9350"}],"version-history":[{"count":1,"href":"https:\/\/schulebza.de\/rsplus\/wp-json\/wp\/v2\/pages\/9350\/revisions"}],"predecessor-version":[{"id":9352,"href":"https:\/\/schulebza.de\/rsplus\/wp-json\/wp\/v2\/pages\/9350\/revisions\/9352"}],"wp:attachment":[{"href":"https:\/\/schulebza.de\/rsplus\/wp-json\/wp\/v2\/media?parent=9350"}],"curies":[{"name":"wp","href":"https:\/\/api.w.org\/{rel}","templated":true}]}}