{"id":777,"date":"2020-04-07T10:44:00","date_gmt":"2020-04-07T08:44:00","guid":{"rendered":"http:\/\/rsplusneu.schulebza.de\/?page_id=777"},"modified":"2020-12-16T10:59:44","modified_gmt":"2020-12-16T09:59:44","slug":"anmeldung-und-aufnahme","status":"publish","type":"page","link":"https:\/\/schulebza.de\/rsplus\/anmeldung-und-aufnahme\/","title":{"rendered":"Anmeldung und Aufnahme"},"content":{"rendered":"\n<h2 class=\"wp-block-heading\"><strong>Anmeldung und Aufnahme in die FOS<\/strong><\/h2>\n\n\n\n<p><strong>Aufnahmevoraussetzungen <\/strong><\/p>\n\n\n\n<p>In die Fachoberschule k\u00f6nnen Sch\u00fclerinnen und Sch\u00fcler aufgenommen werden, die<\/p>\n\n\n\n<p>den qualifizierten Sekundarabschluss I mit einem Notendurchschnitt (arithmetisches Mittel aus den Zeugnisnoten der Pflicht- und Wahlpflichtf\u00e4cher) von mindestens 3,0 besitzen, wobei keines der F\u00e4cher Deutsch, erste Fremdsprache und Mathematik schlechter als mit \u201eausreichend\u201c bewertet sein darf,<\/p>\n\n\n\n<p>oder<\/p>\n\n\n\n<p>die Berechtigung zum Besuch der gymnasialen Oberstufe oder Versetzung in die gymnasiale Oberstufe haben<\/p>\n\n\n\n<p><strong>und<\/strong><\/p>\n\n\n\n<p>noch keine Berufsausbildung nach Bundesrecht oder nach Landesrecht abgeschlossen haben (dazu z\u00e4hlen auch Assistentenberufe oder Helferberufe wie z.B. Altenpflegehelfer, Sozialassistent etc.)<\/p>\n\n\n\n<p>sowie<\/p>\n\n\n\n<p>bis zum 31. Mai einen Vertrag mit einer geeigneten Praktikumseinrichtung nachweisen k\u00f6nnen.Die Aufnahme in die Fachoberschule kann nur in Klassenstufe 11 erfolgen.<\/p>\n\n\n\n<p>Auch Sch\u00fcler\/innen, die zum Halbjahr den geforderten Notendurchschnitt (noch) nicht erreicht haben, k\u00f6nnen sich an der Fachoberschule anmelden. Grunds\u00e4tzlich m\u00fcssen die (schulischen) Aufnahmebedingungen erst mit dem Jahreszeugnis erreicht sein.<\/p>\n\n\n\n<p><strong>Vergabe der Schulpl\u00e4tze bei einem \u00dcberhang an Bewerberinnen\/Bewerbern<\/strong><\/p>\n\n\n\n<p>Bewerben sich bis zum Ende der Anmeldefrist mehr Bewerberinnen und Bewerber in einzelnen Fachrichtungen, die die Voraussetzungen zur Aufnahme in die FOS erf\u00fcllen, als an Aufnahmekapazit\u00e4ten vorhanden ist, findet eine Auswahl nach Eignung und Leistung (und gegebenenfalls H\u00e4rtefallgesichtspunkten) statt.<\/p>\n\n\n\n<p><strong>Anmeldezeitraum und abzugebende Unterlagen<\/strong><\/p>\n\n\n\n<p>Der Anmeldezeitraum f\u00fcr die Fachoberschule dauert vom 01. Februar bis 01. M\u00e4rz. F\u00fcr die Anmeldung ben\u00f6tigen wir von Ihnen folgende Unterlagen:<\/p>\n\n\n\n<p>1. Unseren Aufnahmeantrag f\u00fcr die FOS.<\/p>\n\n\n\n<p>2. Eine beglaubigte Kopie des Halbjahreszeugnisses der Klasse 10 (oder bei Sch\u00fclerinnen\/Sch\u00fclern eines Gymnasiums mit achtj\u00e4hrigem Bildungsgang das Halbjahreszeugnis der Klasse 9; bei Bewerberinnen\/Bewerbern, die bereits die Klasse 10 abgeschlossen und noch keinen anderen Schul- bzw. Ausbildungsabschluss haben. Zeugnis des qualifizierten Sekundarabschlusses I oder gleichwertiger Abschluss).<\/p>\n\n\n\n<p>3. Eine Kopie der Geburtsurkunde.<\/p>\n\n\n\n<p>4. Einen l\u00fcckenlosen tabellarischen Lebenslauf mit Lichtbild und Unterschrift.<\/p>\n\n\n\n<p>5. Evtl. einen Nachweis von H\u00e4rtefallgesichtspunkten und\/oder besondere Dienstpflichten (vgl. Aufnahmeantrag).<\/p>\n\n\n\n<p><strong>Vorl\u00e4ufige und endg\u00fcltige Aufnahme<\/strong><\/p>\n\n\n\n<p>Nach Abschluss des Anmeldezeitraums und gegebenenfalls nach einem Auswahlverfahren erfolgt die vorl\u00e4ufige Aufnahme in die FOS. Das Abschlusszeugnis der Sekundarstufe I ist unmittelbar nach Erhalt nachzureichen (beglaubigte Kopie). Die endg\u00fcltige Aufnahme in die Fachoberschule erfolgt dann aufgrund des Abschlusszeugnisses.<\/p>\n","protected":false},"excerpt":{"rendered":"<p>Anmeldung und Aufnahme in die FOS Aufnahmevoraussetzungen In die Fachoberschule k\u00f6nnen Sch\u00fclerinnen und Sch\u00fcler aufgenommen werden, die den qualifizierten Sekundarabschluss I mit einem Notendurchschnitt (arithmetisches Mittel aus den Zeugnisnoten der [&hellip;]<\/p>\n","protected":false},"author":10,"featured_media":0,"parent":0,"menu_order":2,"comment_status":"closed","ping_status":"closed","template":"","meta":{"_et_pb_use_builder":"off","_et_pb_old_content":"","_et_gb_content_width":"","footnotes":""},"class_list":["post-777","page","type-page","status-publish","hentry"],"_links":{"self":[{"href":"https:\/\/schulebza.de\/rsplus\/wp-json\/wp\/v2\/pages\/777","targetHints":{"allow":["GET"]}}],"collection":[{"href":"https:\/\/schulebza.de\/rsplus\/wp-json\/wp\/v2\/pages"}],"about":[{"href":"https:\/\/schulebza.de\/rsplus\/wp-json\/wp\/v2\/types\/page"}],"author":[{"embeddable":true,"href":"https:\/\/schulebza.de\/rsplus\/wp-json\/wp\/v2\/users\/10"}],"replies":[{"embeddable":true,"href":"https:\/\/schulebza.de\/rsplus\/wp-json\/wp\/v2\/comments?post=777"}],"version-history":[{"count":7,"href":"https:\/\/schulebza.de\/rsplus\/wp-json\/wp\/v2\/pages\/777\/revisions"}],"predecessor-version":[{"id":4348,"href":"https:\/\/schulebza.de\/rsplus\/wp-json\/wp\/v2\/pages\/777\/revisions\/4348"}],"wp:attachment":[{"href":"https:\/\/schulebza.de\/rsplus\/wp-json\/wp\/v2\/media?parent=777"}],"curies":[{"name":"wp","href":"https:\/\/api.w.org\/{rel}","templated":true}]}}