{"id":748,"date":"2020-02-10T12:37:18","date_gmt":"2020-02-10T11:37:18","guid":{"rendered":"http:\/\/rsplusneu.schulebza.de\/?page_id=748"},"modified":"2020-02-27T10:57:44","modified_gmt":"2020-02-27T09:57:44","slug":"praxistag","status":"publish","type":"page","link":"https:\/\/schulebza.de\/rsplus\/profil\/praxistag\/","title":{"rendered":"Praxistag"},"content":{"rendered":"\n<h1 class=\"wp-block-heading\">Konzeption des Praxistages<\/h1>\n\n\n\n<div class=\"wp-block-image\"><figure class=\"alignright\"><img decoding=\"async\" src=\"\/\/schulebza.de\/rsplus\/wp-content\/uploads\/2020\/02\/praxistag-bildung-rp-de_typo3temp_pics_50b1cfd256.jpg\" alt=\"\" class=\"wp-image-101\"\/><\/figure><\/div>\n\n\n\n<p>Sch\u00fclerinnen und Sch\u00fcler sollen so fr\u00fch und so weit wie m\u00f6glich praktische Erfahrung \u00fcber einen l\u00e4ngeren Zeitraum hinweg in Betrieben sammeln k\u00f6nnen. Deshalb gibt es in unserer Schule, f\u00fcr Sch\u00fclerinnen und Sch\u00fcler im Berufsreifezweig, im 9. Schuljahr einen \u201ePraxistag\u201c pro Woche. Motivation und Anstrengungsbereitschaft&nbsp; f\u00fcr das Erreichen der Berufsreife wurden so gest\u00e4rkt.<\/p>\n\n\n\n<p>Die Verkn\u00fcpfung zwischen schulischem und betrieblichem Lernen sollte so angelegt sein, dass ein \u00dcbertritt in die Berufs- und Arbeitswelt unterst\u00fctzt wird und den Jugendlichen beim Einstieg ins Berufsleben neue M\u00f6glichkeiten er\u00f6ffnet werden.<\/p>\n\n\n\n<p>Konkret sind als Ziele des Praxistages zu nennen:<\/p>\n\n\n\n<ul class=\"wp-block-list\"><li>Sammeln von intensiver (Vor-) Erfahrung in Berufsleben, Arbeitswelt, Berufsfeld und Beruf<\/li><li>praxisgebundene berufliche Orientierung<\/li><li>eigenst\u00e4ndiges und eigenverantwortliches Lernen<\/li><li>Motivationsschub f\u00fcr das Lernen insgesamt<\/li><li>eigenst\u00e4ndige Mitarbeit und selbstverantwortliches Arbeiten in den Betrieben<\/li><li>origin\u00e4r und erlebbar vermittelte Erfahrungen der Arbeits- und Wirtschaftswelt<\/li><li>aktive Integration der Sch\u00fclerinnen und Sch\u00fcler in den Arbeitsprozess<\/li><li>Erwerb von fachlichen Kompetenzen<\/li><li>Vermittlung von \u00fcberfachlichen Kompetenzen<\/li><li>Entwickeln eigener Potentiale, Erkennen pers\u00f6nlicher Neigungen und St\u00e4rken<\/li><li>Verbesserung der Ausbildungsreife<\/li><li>gezielte und begr\u00fcndete Berufswahl<\/li><li>h\u00e4ufigere Vermittlung in ein Ausbildungsverh\u00e4ltnis<\/li><li>letztlich eine geringere Abbruchsquote w\u00e4hrend der Ausbildung<\/li><\/ul>\n\n\n\n<p>Solche Erfahrungen in die berufsvorbereitenden Qualifizierungsma\u00dfnahmen f\u00fcr noch nicht ausbildungsreife Jugendliche einzubeziehen, f\u00f6rdert und erh\u00f6ht deren Chancen auf einen Einstieg in eine regul\u00e4re Berufsausbildung. Au\u00dferschulische Partner k\u00f6nnen hierbei die Schulen in besonderer Weise unterst\u00fctzen:<\/p>\n","protected":false},"excerpt":{"rendered":"<p>Konzeption des Praxistages Sch\u00fclerinnen und Sch\u00fcler sollen so fr\u00fch und so weit wie m\u00f6glich praktische Erfahrung \u00fcber einen l\u00e4ngeren Zeitraum hinweg in Betrieben sammeln k\u00f6nnen. Deshalb gibt es in unserer [&hellip;]<\/p>\n","protected":false},"author":1,"featured_media":0,"parent":736,"menu_order":6,"comment_status":"closed","ping_status":"closed","template":"","meta":{"_et_pb_use_builder":"off","_et_pb_old_content":"","_et_gb_content_width":"","footnotes":""},"class_list":["post-748","page","type-page","status-publish","hentry"],"_links":{"self":[{"href":"https:\/\/schulebza.de\/rsplus\/wp-json\/wp\/v2\/pages\/748","targetHints":{"allow":["GET"]}}],"collection":[{"href":"https:\/\/schulebza.de\/rsplus\/wp-json\/wp\/v2\/pages"}],"about":[{"href":"https:\/\/schulebza.de\/rsplus\/wp-json\/wp\/v2\/types\/page"}],"author":[{"embeddable":true,"href":"https:\/\/schulebza.de\/rsplus\/wp-json\/wp\/v2\/users\/1"}],"replies":[{"embeddable":true,"href":"https:\/\/schulebza.de\/rsplus\/wp-json\/wp\/v2\/comments?post=748"}],"version-history":[{"count":3,"href":"https:\/\/schulebza.de\/rsplus\/wp-json\/wp\/v2\/pages\/748\/revisions"}],"predecessor-version":[{"id":2024,"href":"https:\/\/schulebza.de\/rsplus\/wp-json\/wp\/v2\/pages\/748\/revisions\/2024"}],"up":[{"embeddable":true,"href":"https:\/\/schulebza.de\/rsplus\/wp-json\/wp\/v2\/pages\/736"}],"wp:attachment":[{"href":"https:\/\/schulebza.de\/rsplus\/wp-json\/wp\/v2\/media?parent=748"}],"curies":[{"name":"wp","href":"https:\/\/api.w.org\/{rel}","templated":true}]}}