{"id":720,"date":"2020-02-10T12:32:05","date_gmt":"2020-02-10T11:32:05","guid":{"rendered":"http:\/\/rsplusneu.schulebza.de\/?page_id=720"},"modified":"2024-07-10T10:13:48","modified_gmt":"2024-07-10T08:13:48","slug":"mense","status":"publish","type":"page","link":"https:\/\/schulebza.de\/rsplus\/gts\/mense\/","title":{"rendered":"Mensa"},"content":{"rendered":"\n<p>Portal zur Essensbestellung <a href=\"https:\/\/schulebza.gt-mensa.de\/\">https:\/\/schulebza.gt-mensa.de\/<\/a><\/p>\n\n\n\n<p> <a rel=\"noreferrer noopener\" aria-label=\" (\u00f6ffnet in neuem Tab)\" href=\"https:\/\/schulebza.de\/rsplus\/wp-content\/uploads\/2020\/02\/04.11.2012_Beschreibung_Essensbuchung-1.pdf\" target=\"_blank\">Anleitung, wie Sie das Essen buchen k\u00f6nnen<\/a><\/p>\n\n\n\n<p><strong><u>Umgang mit dem Essenschip<\/u><\/strong><\/p>\n\n\n\n<p>Nach einigen Jahren Erfahrung sehen wir uns nun gezwungen den Umgang mit den Chips zum Abrufen der Essensbuchung in der Mensa zu \u00fcberarbeiten.<\/p>\n\n\n\n<p>Ab dem&nbsp; Schuljahr 2024\/25 werden wir folgenderma\u00dfen verfahren:<\/p>\n\n\n\n<ol class=\"wp-block-list\" start=\"1\">\n<li>Jeder Sch\u00fcler\/Sch\u00fclerin erh\u00e4lt bei Eintritt in die Ganztagsschule, wenn er\/sie am Mittagessen teilnimmt&nbsp; erstmals einen Chip mit Plastikh\u00fclle f\u00fcr eine Geb\u00fchr von 5\u20ac.<\/li>\n\n\n\n<li>Gleichzeitig werden zwei weitere Kopien des Codes im GTS- B\u00fcro in einem Hefter hinterlegt.<\/li>\n\n\n\n<li>Sollten die Sch\u00fclerinnen und Sch\u00fcler&nbsp; den Chip einmal vergessen, so k\u00f6nnen sie sich im GTS- B\u00fcro den Code abholen und ihn im Idealfall nach dem Essen dort wieder abgeben.<\/li>\n\n\n\n<li>Sollten die zwei Kopien aufgebraucht sein (nicht zur\u00fcck gegeben) w\u00fcrden wir erneut&nbsp; f\u00fcr eine Geb\u00fchr von 1\u20ac&nbsp; zwei Kopien ausstellen und wie unter Punkt 2-3 erkl\u00e4rt verfahren. Au\u00dferdem erhalten die Eltern eine schriftliche Mitteilung \u00fcber diesen Vorgang.<\/li>\n<\/ol>\n\n\n\n<h4 class=\"wp-block-heading\">unsere Mensa<\/h4>\n\n\n\n<div class=\"wp-block-columns is-layout-flex wp-container-core-columns-is-layout-9d6595d7 wp-block-columns-is-layout-flex\">\n<div class=\"wp-block-column is-layout-flow wp-block-column-is-layout-flow\">\n<figure class=\"wp-block-image size-large\"><img loading=\"lazy\" decoding=\"async\" width=\"1000\" height=\"750\" src=\"https:\/\/schulebza.de\/rsplus\/wp-content\/uploads\/2020\/02\/Kantine2.jpg\" alt=\"\" class=\"wp-image-1144\"\/><\/figure>\n<\/div>\n\n\n\n<div class=\"wp-block-column is-layout-flow wp-block-column-is-layout-flow\">\n<figure class=\"wp-block-image size-large\"><img loading=\"lazy\" decoding=\"async\" width=\"1000\" height=\"750\" src=\"https:\/\/schulebza.de\/rsplus\/wp-content\/uploads\/2020\/02\/Kantine1-1.jpg\" alt=\"\" class=\"wp-image-2512\"\/><\/figure>\n<\/div>\n<\/div>\n","protected":false},"excerpt":{"rendered":"<p>Portal zur Essensbestellung https:\/\/schulebza.gt-mensa.de\/ Anleitung, wie Sie das Essen buchen k\u00f6nnen Umgang mit dem Essenschip Nach einigen Jahren Erfahrung sehen wir uns nun gezwungen den Umgang mit den Chips zum [&hellip;]<\/p>\n","protected":false},"author":1,"featured_media":0,"parent":712,"menu_order":4,"comment_status":"closed","ping_status":"closed","template":"","meta":{"_et_pb_use_builder":"off","_et_pb_old_content":"","_et_gb_content_width":"","footnotes":""},"class_list":["post-720","page","type-page","status-publish","hentry"],"_links":{"self":[{"href":"https:\/\/schulebza.de\/rsplus\/wp-json\/wp\/v2\/pages\/720","targetHints":{"allow":["GET"]}}],"collection":[{"href":"https:\/\/schulebza.de\/rsplus\/wp-json\/wp\/v2\/pages"}],"about":[{"href":"https:\/\/schulebza.de\/rsplus\/wp-json\/wp\/v2\/types\/page"}],"author":[{"embeddable":true,"href":"https:\/\/schulebza.de\/rsplus\/wp-json\/wp\/v2\/users\/1"}],"replies":[{"embeddable":true,"href":"https:\/\/schulebza.de\/rsplus\/wp-json\/wp\/v2\/comments?post=720"}],"version-history":[{"count":14,"href":"https:\/\/schulebza.de\/rsplus\/wp-json\/wp\/v2\/pages\/720\/revisions"}],"predecessor-version":[{"id":9505,"href":"https:\/\/schulebza.de\/rsplus\/wp-json\/wp\/v2\/pages\/720\/revisions\/9505"}],"up":[{"embeddable":true,"href":"https:\/\/schulebza.de\/rsplus\/wp-json\/wp\/v2\/pages\/712"}],"wp:attachment":[{"href":"https:\/\/schulebza.de\/rsplus\/wp-json\/wp\/v2\/media?parent=720"}],"curies":[{"name":"wp","href":"https:\/\/api.w.org\/{rel}","templated":true}]}}