{"id":4317,"date":"2020-12-09T14:36:52","date_gmt":"2020-12-09T13:36:52","guid":{"rendered":"https:\/\/schulebza.de\/rsplus\/?page_id=4317"},"modified":"2024-02-07T08:21:48","modified_gmt":"2024-02-07T07:21:48","slug":"fachoberschule-2","status":"publish","type":"page","link":"https:\/\/schulebza.de\/rsplus\/fachoberschule-2\/","title":{"rendered":"Fachoberschule"},"content":{"rendered":"<p>[et_pb_section fb_built=&#8220;1&#8243; _builder_version=&#8220;4.16&#8243; _module_preset=&#8220;default&#8220; global_colors_info=&#8220;{}&#8220; theme_builder_area=&#8220;post_content&#8220;][et_pb_row _builder_version=&#8220;4.16&#8243; _module_preset=&#8220;default&#8220; global_colors_info=&#8220;{}&#8220; theme_builder_area=&#8220;post_content&#8220;][et_pb_column type=&#8220;4_4&#8243; _builder_version=&#8220;4.16&#8243; _module_preset=&#8220;default&#8220; global_colors_info=&#8220;{}&#8220; theme_builder_area=&#8220;post_content&#8220;][et_pb_text _builder_version=&#8220;4.16&#8243; _module_preset=&#8220;default&#8220; global_colors_info=&#8220;{}&#8220; theme_builder_area=&#8220;post_content&#8220;]<\/p>\n<p>Wir begr\u00fc\u00dfen Sie auf den Seiten der Fachoberschule (FOS) Bad Bergzabern. Sie finden hier alle Informationen rund um diesen Bildungsgang und die beiden Fachrichtungen an unserem Standort: \u201eGestaltung\u201c sowie \u201eGesundheit und Soziales \u2013 Schwerpunkt Gesundheit\u201c.<\/p>\n<p>Klicken Sie auf die jeweiligen Kacheln, um themenspezifische Informationen zu erhalten.<\/p>\n<p>F\u00fcr einen ersten allgemeinen \u00dcberblick \u00fcber die Fachoberschule als schnellsten Weg zur Fachhochschulreife empfehlen wir \u201eFOS kurz erkl\u00e4rt\u201c und die Pr\u00e4sentation \u201eWegweiser durch die FOS\u201c.<\/p>\n<p>Auch auf dem Bildungsserver finden Sie nochmals alle relevanten Informationen zur Fachoberschule.<\/p>\n<p>F\u00fcr Fragen oder individuelle Beratungen stehen wir Ihnen nat\u00fcrlich auch gerne pers\u00f6nlich zur Verf\u00fcgung. Wir freuen uns auf Sie.<\/p>\n<p>[\/et_pb_text][\/et_pb_column][\/et_pb_row][\/et_pb_section][et_pb_section fb_built=&#8220;1&#8243; _builder_version=&#8220;4.16&#8243; _module_preset=&#8220;default&#8220; global_colors_info=&#8220;{}&#8220; theme_builder_area=&#8220;post_content&#8220;][et_pb_row _builder_version=&#8220;4.16&#8243; _module_preset=&#8220;default&#8220; global_colors_info=&#8220;{}&#8220; theme_builder_area=&#8220;post_content&#8220;][et_pb_column type=&#8220;4_4&#8243; _builder_version=&#8220;4.16&#8243; _module_preset=&#8220;default&#8220; global_colors_info=&#8220;{}&#8220; theme_builder_area=&#8220;post_content&#8220;][et_pb_image src=&#8220;https:\/\/schulebza.de\/rsplus\/wp-content\/uploads\/2022\/11\/Fachoberschule_Kachelstruktur-7-pdf.jpg&#8220; title_text=&#8220;Fachoberschule_Kachelstruktur 7&#8243; url=&#8220;https:\/\/schulebza.de\/rsplus\/wp-content\/uploads\/2022\/11\/Fachoberschule_Kachelstruktur-7-.pdf&#8220; _builder_version=&#8220;4.19.0&#8243; _module_preset=&#8220;default&#8220; global_colors_info=&#8220;{}&#8220; theme_builder_area=&#8220;post_content&#8220;][\/et_pb_image][\/et_pb_column][\/et_pb_row][et_pb_row _builder_version=&#8220;4.19.0&#8243; _module_preset=&#8220;default&#8220; global_colors_info=&#8220;{}&#8220; theme_builder_area=&#8220;post_content&#8220;][et_pb_column type=&#8220;4_4&#8243; _builder_version=&#8220;4.19.0&#8243; _module_preset=&#8220;default&#8220; global_colors_info=&#8220;{}&#8220; theme_builder_area=&#8220;post_content&#8220;][et_pb_image src=&#8220;https:\/\/schulebza.de\/rsplus\/wp-content\/uploads\/2023\/02\/Mit-Herz-und-Verstand-pdf.jpg&#8220; title_text=&#8220;Mit Herz und Verstand&#8220; _builder_version=&#8220;4.19.0&#8243; _module_preset=&#8220;default&#8220; global_colors_info=&#8220;{}&#8220; theme_builder_area=&#8220;post_content&#8220;][\/et_pb_image][et_pb_text _builder_version=&#8220;4.19.0&#8243; _module_preset=&#8220;default&#8220; global_colors_info=&#8220;{}&#8220; theme_builder_area=&#8220;post_content&#8220;]<\/p>\n<p>&nbsp;<\/p>\n<p>[\/et_pb_text][\/et_pb_column][\/et_pb_row][et_pb_row _builder_version=&#8220;4.19.0&#8243; _module_preset=&#8220;default&#8220; global_colors_info=&#8220;{}&#8220; theme_builder_area=&#8220;post_content&#8220;][et_pb_column type=&#8220;4_4&#8243; _builder_version=&#8220;4.19.0&#8243; _module_preset=&#8220;default&#8220; global_colors_info=&#8220;{}&#8220; theme_builder_area=&#8220;post_content&#8220;][et_pb_button button_url=&#8220;https:\/\/www.youtube.com\/watch?v=0EvGjbqT59w&#8220; button_text=&#8220;Zwei ehemalige Sch\u00fclerinnen berichten &#8211; Video&#8220; _builder_version=&#8220;4.19.0&#8243; _module_preset=&#8220;default&#8220; global_colors_info=&#8220;{}&#8220; theme_builder_area=&#8220;post_content&#8220;][\/et_pb_button][\/et_pb_column][\/et_pb_row][et_pb_row _builder_version=&#8220;4.19.0&#8243; _module_preset=&#8220;default&#8220; global_colors_info=&#8220;{}&#8220; theme_builder_area=&#8220;post_content&#8220;][et_pb_column type=&#8220;4_4&#8243; _builder_version=&#8220;4.19.0&#8243; _module_preset=&#8220;default&#8220; global_colors_info=&#8220;{}&#8220; theme_builder_area=&#8220;post_content&#8220;][et_pb_text _builder_version=&#8220;4.19.0&#8243; _module_preset=&#8220;default&#8220; global_colors_info=&#8220;{}&#8220; theme_builder_area=&#8220;post_content&#8220;][\/et_pb_text][\/et_pb_column][\/et_pb_row][\/et_pb_section]<\/p>\n","protected":false},"excerpt":{"rendered":"<p>Wir begr\u00fc\u00dfen Sie auf den Seiten der Fachoberschule (FOS) Bad Bergzabern. Sie finden hier alle Informationen rund um diesen Bildungsgang und die beiden Fachrichtungen an unserem Standort: \u201eGestaltung\u201c sowie \u201eGesundheit [&hellip;]<\/p>\n","protected":false},"author":10,"featured_media":0,"parent":0,"menu_order":0,"comment_status":"closed","ping_status":"closed","template":"","meta":{"_et_pb_use_builder":"on","_et_pb_old_content":"","_et_gb_content_width":"","footnotes":""},"class_list":["post-4317","page","type-page","status-publish","hentry"],"_links":{"self":[{"href":"https:\/\/schulebza.de\/rsplus\/wp-json\/wp\/v2\/pages\/4317","targetHints":{"allow":["GET"]}}],"collection":[{"href":"https:\/\/schulebza.de\/rsplus\/wp-json\/wp\/v2\/pages"}],"about":[{"href":"https:\/\/schulebza.de\/rsplus\/wp-json\/wp\/v2\/types\/page"}],"author":[{"embeddable":true,"href":"https:\/\/schulebza.de\/rsplus\/wp-json\/wp\/v2\/users\/10"}],"replies":[{"embeddable":true,"href":"https:\/\/schulebza.de\/rsplus\/wp-json\/wp\/v2\/comments?post=4317"}],"version-history":[{"count":39,"href":"https:\/\/schulebza.de\/rsplus\/wp-json\/wp\/v2\/pages\/4317\/revisions"}],"predecessor-version":[{"id":8442,"href":"https:\/\/schulebza.de\/rsplus\/wp-json\/wp\/v2\/pages\/4317\/revisions\/8442"}],"wp:attachment":[{"href":"https:\/\/schulebza.de\/rsplus\/wp-json\/wp\/v2\/media?parent=4317"}],"curies":[{"name":"wp","href":"https:\/\/api.w.org\/{rel}","templated":true}]}}