{"id":4001,"date":"2020-08-30T20:14:43","date_gmt":"2020-08-30T18:14:43","guid":{"rendered":"https:\/\/schulebza.de\/rsplus\/?page_id=4001"},"modified":"2020-08-30T20:17:21","modified_gmt":"2020-08-30T18:17:21","slug":"schuelerbefoerderung-verstaerkerbusse-ab-kommenden-montag","status":"publish","type":"page","link":"https:\/\/schulebza.de\/rsplus\/schuelerbefoerderung-verstaerkerbusse-ab-kommenden-montag\/","title":{"rendered":"Sch\u00fclerbef\u00f6rderung: Verst\u00e4rkerbusse ab kommenden Montag"},"content":{"rendered":"\n[et_pb_section][et_pb_row][et_pb_column type=&#8220;4_4&#8243;][et_pb_text]<!-- divi:paragraph -->\n<p>Bereits ab dem kommenden <strong>Montag, 31. August<\/strong>, werden zus\u00e4tzliche Busse in der Sch\u00fclerbef\u00f6rderung im Landkreis S\u00fcdliche Weinstra\u00dfe eingesetzt und damit der Sch\u00fclertransort auf einigen \u201eSchwerpunktstrecken\u201c verbessert. Die F\u00f6rderrichtlinien der Landesregierung liegen nun vor, weshalb schnell mit dem Einsatz der Verst\u00e4rkerbusse begonnen wird.<br>\u201eDas ist ein wichtiger Verhandlungserfolg des Landkreistages mit dem Verkehrsministerium in Mainz. Da wir die Linien bereits seit Schulbeginn nach ihrer Frequentierung \u00fcberpr\u00fcft haben, k\u00f6nnen wir nun sofort mit der Umsetzung beginnen\u201c, zeigt sich Landrat Dietmar Seefeldt zuversichtlich den Infektionsschutz im Sch\u00fclerverkehr somit z\u00fcgig verbessern zu k\u00f6nnen.<\/p>\n<!-- \/divi:paragraph -->\n\n<!-- divi:paragraph -->\n<p>Im Linienb\u00fcndel Bad Bergzabern wird es mit DB RegioBus drei zus\u00e4tzliche Fahrten mit zwei Solobussen geben. Entlastet werden die Bef\u00f6rderungen der Sch\u00fcler zum Schulbeginn morgens von Landau nach Bad Bergzabern: 541-205: 07:10 Uhr Landau \u2013 Bad Bergzabern (\u00fcber Billigheim-Ingenheim) sowie nachmittags von Bad Bergzabern nach Landau: 541-222: 13:15 Uhr Bad Bergzabern \u2013 Landau und 540-232: 13:15 Uhr Bad Bergzabern \u2013 Landau (\u00fcber Klingenm\u00fcnster).<br>Mit der Queichtal Nahverkehrsgesellschaft (QNV) wird im Linienb\u00fcndel Queichtal der Sch\u00fclerverkehr von und zum Schulzentrum, Trifels-Gymnasium Annweiler (TGA) und Grundschule Annweiler sowie Schulzentrum Bad Bergzabern verst\u00e4rkt. Hier sind zwei zus\u00e4tzliche Gelenkbusse und ein zus\u00e4tzlicher Solobus im Einsatz. Dadurch sind sieben Zusatzfahrten m\u00f6glich. Zudem finden zwei Fahrten mit dem Solobus anstelle eines Kleinbusses statt, wodurch die Kapazit\u00e4t erweitert wird und ausgeweitete Abst\u00e4nde m\u00f6glich sind. Diverse Fahrten finden desweiteren mit dem Gelenkbus anstelle der Solobusse statt.<br>Dadurch gibt es Entlastung der Kapazit\u00e4ten unter anderem vom Bahnhof zum Schulzentrum und TGA in Annweiler, zwischen den Ortschaften Waldrohrbach und Annweiler, auf den Linien Godramstein, Siebeldingen, Birkweiler, Albersweiler von und nach Annweiler, von und nach M\u00fcnchweiler\/Klingbach, Silz, Stein, Gossersweiler in Richtung Annweiler, von und nach Ramberg, Dernbach, Eu\u00dferthal in Richtung Annweiler sowie Vorderweidenthal, Birkenh\u00f6rdt von und nach Bad Bergzabern.<br>\u201eEin Anfang ist damit gemacht\u201c, betont der Landrat. \u201eSelbstverst\u00e4ndlich werden wir aber weiterhin die Bef\u00f6rderungen zu den Schulstandorten im Landkreis kritisch beobachten, um gegebenenfalls auch andernorts stark frequentierte Linienbusse zu entlasten\u201c.<\/p>\n<!-- \/divi:paragraph -->\n\n<!-- divi:paragraph -->\n<p>Mit DBRegioBus im Linienb\u00fcndel Bad Bergzabern<\/p>\n<!-- \/divi:paragraph -->\n\n<!-- divi:paragraph -->\n<p>\u2022&nbsp;&nbsp;&nbsp;&nbsp;&nbsp;&nbsp;&nbsp;&nbsp;&nbsp;&nbsp;&nbsp;&nbsp; 541-205: 07:10 Uhr Landau \u2013 Bad Bergzabern &nbsp;(\u00fcber Billigheim-Ingenheim)<br>\u2022&nbsp;&nbsp;&nbsp;&nbsp;&nbsp;&nbsp;&nbsp;&nbsp;&nbsp;&nbsp;&nbsp;&nbsp; 541-222: 13:15 Uhr Bad Bergzabern \u2013 Landau<br>\u2022&nbsp;&nbsp;&nbsp;&nbsp;&nbsp;&nbsp;&nbsp;&nbsp;&nbsp;&nbsp;&nbsp;&nbsp; 540-232: 13:15 Uhr Bad Bergzabern \u2013 Landau (\u00fcber Klingenm\u00fcnster)<\/p>\n<!-- \/divi:paragraph -->\n\n<!-- divi:image {\"align\":\"center\",\"id\":8653} -->\n<div class=\"wp-block-image\"><figure class=\"aligncenter\"><img decoding=\"async\" src=\"https:\/\/schulebza.de\/gymnasium\/wp-content\/uploads\/2020\/08\/441.png\" alt=\"\" class=\"wp-image-8653\"\/><\/figure><\/div>\n<!-- \/divi:image -->[\/et_pb_text][\/et_pb_column][\/et_pb_row][\/et_pb_section]\n","protected":false},"excerpt":{"rendered":"<p><div class=\"et_pb_section et_pb_section_0 et_section_regular\" >\n\t\t\t\t\n\t\t\t\t\n\t\t\t\t\n\t\t\t\t\n\t\t\t\t\n\t\t\t\t\n\t\t\t\t\n\t\t\t\t\n\t\t\t\t\n\t\t\t<\/div><div class=\"et_pb_row et_pb_row_0 et_pb_row_empty\">\n\t\t\t\t\n\t\t\t\t\n\t\t\t\t\n\t\t\t\t\n\t\t\t\t\n\t\t\t<\/div><div class=\"et_pb_module et_pb_text et_pb_text_0  et_pb_text_align_left et_pb_bg_layout_light\">\n\t\t\t\t\n\t\t\t\t\n\t\t\t\t\n\t\t\t\t\n\t\t\t\t\n\t\t\t<\/div> Bereits ab dem kommenden Montag, 31. August, werden zus\u00e4tzliche Busse in der Sch\u00fclerbef\u00f6rderung im Landkreis S\u00fcdliche Weinstra\u00dfe eingesetzt und damit der Sch\u00fclertransort auf einigen \u201eSchwerpunktstrecken\u201c verbessert. Die F\u00f6rderrichtlinien der [&hellip;]<\/p>\n","protected":false},"author":10,"featured_media":0,"parent":0,"menu_order":0,"comment_status":"closed","ping_status":"closed","template":"","meta":{"_et_pb_use_builder":"on","_et_pb_old_content":"<!-- wp:paragraph -->\n<p>Bereits ab dem kommenden <strong>Montag, 31. August<\/strong>, werden zus\u00e4tzliche Busse in der Sch\u00fclerbef\u00f6rderung im Landkreis S\u00fcdliche Weinstra\u00dfe eingesetzt und damit der Sch\u00fclertransort auf einigen \u201eSchwerpunktstrecken\u201c verbessert. Die F\u00f6rderrichtlinien der Landesregierung liegen nun vor, weshalb schnell mit dem Einsatz der Verst\u00e4rkerbusse begonnen wird.<br>\u201eDas ist ein wichtiger Verhandlungserfolg des Landkreistages mit dem Verkehrsministerium in Mainz. Da wir die Linien bereits seit Schulbeginn nach ihrer Frequentierung \u00fcberpr\u00fcft haben, k\u00f6nnen wir nun sofort mit der Umsetzung beginnen\u201c, zeigt sich Landrat Dietmar Seefeldt zuversichtlich den Infektionsschutz im Sch\u00fclerverkehr somit z\u00fcgig verbessern zu k\u00f6nnen.<\/p>\n<!-- \/wp:paragraph -->\n\n<!-- wp:paragraph -->\n<p>Im Linienb\u00fcndel Bad Bergzabern wird es mit DB RegioBus drei zus\u00e4tzliche Fahrten mit zwei Solobussen geben. Entlastet werden die Bef\u00f6rderungen der Sch\u00fcler zum Schulbeginn morgens von Landau nach Bad Bergzabern: 541-205: 07:10 Uhr Landau \u2013 Bad Bergzabern (\u00fcber Billigheim-Ingenheim) sowie nachmittags von Bad Bergzabern nach Landau: 541-222: 13:15 Uhr Bad Bergzabern \u2013 Landau und 540-232: 13:15 Uhr Bad Bergzabern \u2013 Landau (\u00fcber Klingenm\u00fcnster).<br>Mit der Queichtal Nahverkehrsgesellschaft (QNV) wird im Linienb\u00fcndel Queichtal der Sch\u00fclerverkehr von und zum Schulzentrum, Trifels-Gymnasium Annweiler (TGA) und Grundschule Annweiler sowie Schulzentrum Bad Bergzabern verst\u00e4rkt. Hier sind zwei zus\u00e4tzliche Gelenkbusse und ein zus\u00e4tzlicher Solobus im Einsatz. Dadurch sind sieben Zusatzfahrten m\u00f6glich. Zudem finden zwei Fahrten mit dem Solobus anstelle eines Kleinbusses statt, wodurch die Kapazit\u00e4t erweitert wird und ausgeweitete Abst\u00e4nde m\u00f6glich sind. Diverse Fahrten finden desweiteren mit dem Gelenkbus anstelle der Solobusse statt.<br>Dadurch gibt es Entlastung der Kapazit\u00e4ten unter anderem vom Bahnhof zum Schulzentrum und TGA in Annweiler, zwischen den Ortschaften Waldrohrbach und Annweiler, auf den Linien Godramstein, Siebeldingen, Birkweiler, Albersweiler von und nach Annweiler, von und nach M\u00fcnchweiler\/Klingbach, Silz, Stein, Gossersweiler in Richtung Annweiler, von und nach Ramberg, Dernbach, Eu\u00dferthal in Richtung Annweiler sowie Vorderweidenthal, Birkenh\u00f6rdt von und nach Bad Bergzabern.<br>\u201eEin Anfang ist damit gemacht\u201c, betont der Landrat. \u201eSelbstverst\u00e4ndlich werden wir aber weiterhin die Bef\u00f6rderungen zu den Schulstandorten im Landkreis kritisch beobachten, um gegebenenfalls auch andernorts stark frequentierte Linienbusse zu entlasten\u201c.<\/p>\n<!-- \/wp:paragraph -->\n\n<!-- wp:paragraph -->\n<p>Mit DBRegioBus im Linienb\u00fcndel Bad Bergzabern<\/p>\n<!-- \/wp:paragraph -->\n\n<!-- wp:paragraph -->\n<p>\u2022&nbsp;&nbsp;&nbsp;&nbsp;&nbsp;&nbsp;&nbsp;&nbsp;&nbsp;&nbsp;&nbsp;&nbsp; 541-205: 07:10 Uhr Landau \u2013 Bad Bergzabern &nbsp;(\u00fcber Billigheim-Ingenheim)<br>\u2022&nbsp;&nbsp;&nbsp;&nbsp;&nbsp;&nbsp;&nbsp;&nbsp;&nbsp;&nbsp;&nbsp;&nbsp; 541-222: 13:15 Uhr Bad Bergzabern \u2013 Landau<br>\u2022&nbsp;&nbsp;&nbsp;&nbsp;&nbsp;&nbsp;&nbsp;&nbsp;&nbsp;&nbsp;&nbsp;&nbsp; 540-232: 13:15 Uhr Bad Bergzabern \u2013 Landau (\u00fcber Klingenm\u00fcnster)<\/p>\n<!-- \/wp:paragraph -->\n\n<!-- wp:image {\"align\":\"center\",\"id\":8653} -->\n<div class=\"wp-block-image\"><figure class=\"aligncenter\"><img src=\"https:\/\/schulebza.de\/gymnasium\/wp-content\/uploads\/2020\/08\/441.png\" alt=\"\" class=\"wp-image-8653\"\/><\/figure><\/div>\n<!-- \/wp:image -->","_et_gb_content_width":"","footnotes":""},"class_list":["post-4001","page","type-page","status-publish","hentry"],"_links":{"self":[{"href":"https:\/\/schulebza.de\/rsplus\/wp-json\/wp\/v2\/pages\/4001","targetHints":{"allow":["GET"]}}],"collection":[{"href":"https:\/\/schulebza.de\/rsplus\/wp-json\/wp\/v2\/pages"}],"about":[{"href":"https:\/\/schulebza.de\/rsplus\/wp-json\/wp\/v2\/types\/page"}],"author":[{"embeddable":true,"href":"https:\/\/schulebza.de\/rsplus\/wp-json\/wp\/v2\/users\/10"}],"replies":[{"embeddable":true,"href":"https:\/\/schulebza.de\/rsplus\/wp-json\/wp\/v2\/comments?post=4001"}],"version-history":[{"count":3,"href":"https:\/\/schulebza.de\/rsplus\/wp-json\/wp\/v2\/pages\/4001\/revisions"}],"predecessor-version":[{"id":4008,"href":"https:\/\/schulebza.de\/rsplus\/wp-json\/wp\/v2\/pages\/4001\/revisions\/4008"}],"wp:attachment":[{"href":"https:\/\/schulebza.de\/rsplus\/wp-json\/wp\/v2\/media?parent=4001"}],"curies":[{"name":"wp","href":"https:\/\/api.w.org\/{rel}","templated":true}]}}

Schülerbeförderung: Verstärkerbusse ab kommenden Montag

[et_pb_section][et_pb_row][et_pb_column type=&#8220;4_4&#8243;][et_pb_text]<!-- divi:paragraph -->
<p>Bereits ab dem kommenden <strong>Montag, 31. August</strong>, werden zusätzliche Busse in der Schülerbeförderung im Landkreis Südliche Weinstraße eingesetzt und damit der Schülertransort auf einigen „Schwerpunktstrecken“ verbessert. Die Förderrichtlinien der Landesregierung liegen nun vor, weshalb schnell mit dem Einsatz der Verstärkerbusse begonnen wird.<br>„Das ist ein wichtiger Verhandlungserfolg des Landkreistages mit dem Verkehrsministerium in Mainz. Da wir die Linien bereits seit Schulbeginn nach ihrer Frequentierung überprüft haben, können wir nun sofort mit der Umsetzung beginnen“, zeigt sich Landrat Dietmar Seefeldt zuversichtlich den Infektionsschutz im Schülerverkehr somit zügig verbessern zu können.</p>
<!-- /divi:paragraph -->

<!-- divi:paragraph -->
<p>Im Linienbündel Bad Bergzabern wird es mit DB RegioBus drei zusätzliche Fahrten mit zwei Solobussen geben. Entlastet werden die Beförderungen der Schüler zum Schulbeginn morgens von Landau nach Bad Bergzabern: 541-205: 07:10 Uhr Landau – Bad Bergzabern (über Billigheim-Ingenheim) sowie nachmittags von Bad Bergzabern nach Landau: 541-222: 13:15 Uhr Bad Bergzabern – Landau und 540-232: 13:15 Uhr Bad Bergzabern – Landau (über Klingenmünster).<br>Mit der Queichtal Nahverkehrsgesellschaft (QNV) wird im Linienbündel Queichtal der Schülerverkehr von und zum Schulzentrum, Trifels-Gymnasium Annweiler (TGA) und Grundschule Annweiler sowie Schulzentrum Bad Bergzabern verstärkt. Hier sind zwei zusätzliche Gelenkbusse und ein zusätzlicher Solobus im Einsatz. Dadurch sind sieben Zusatzfahrten möglich. Zudem finden zwei Fahrten mit dem Solobus anstelle eines Kleinbusses statt, wodurch die Kapazität erweitert wird und ausgeweitete Abstände möglich sind. Diverse Fahrten finden desweiteren mit dem Gelenkbus anstelle der Solobusse statt.<br>Dadurch gibt es Entlastung der Kapazitäten unter anderem vom Bahnhof zum Schulzentrum und TGA in Annweiler, zwischen den Ortschaften Waldrohrbach und Annweiler, auf den Linien Godramstein, Siebeldingen, Birkweiler, Albersweiler von und nach Annweiler, von und nach Münchweiler/Klingbach, Silz, Stein, Gossersweiler in Richtung Annweiler, von und nach Ramberg, Dernbach, Eußerthal in Richtung Annweiler sowie Vorderweidenthal, Birkenhördt von und nach Bad Bergzabern.<br>„Ein Anfang ist damit gemacht“, betont der Landrat. „Selbstverständlich werden wir aber weiterhin die Beförderungen zu den Schulstandorten im Landkreis kritisch beobachten, um gegebenenfalls auch andernorts stark frequentierte Linienbusse zu entlasten“.</p>
<!-- /divi:paragraph -->

<!-- divi:paragraph -->
<p>Mit DBRegioBus im Linienbündel Bad Bergzabern</p>
<!-- /divi:paragraph -->

<!-- divi:paragraph -->
<p>•&nbsp;&nbsp;&nbsp;&nbsp;&nbsp;&nbsp;&nbsp;&nbsp;&nbsp;&nbsp;&nbsp;&nbsp; 541-205: 07:10 Uhr Landau – Bad Bergzabern &nbsp;(über Billigheim-Ingenheim)<br>•&nbsp;&nbsp;&nbsp;&nbsp;&nbsp;&nbsp;&nbsp;&nbsp;&nbsp;&nbsp;&nbsp;&nbsp; 541-222: 13:15 Uhr Bad Bergzabern – Landau<br>•&nbsp;&nbsp;&nbsp;&nbsp;&nbsp;&nbsp;&nbsp;&nbsp;&nbsp;&nbsp;&nbsp;&nbsp; 540-232: 13:15 Uhr Bad Bergzabern – Landau (über Klingenmünster)</p>
<!-- /divi:paragraph -->

<!-- divi:image {"align":"center","id":8653} -->
<div class="wp-block-image"><figure class="aligncenter"><img decoding="async" src="https://schulebza.de/gymnasium/wp-content/uploads/2020/08/441.png" alt="" class="wp-image-8653"/></figure></div>
<!-- /divi:image -->[/et_pb_text][/et_pb_column][/et_pb_row][/et_pb_section]

<p><div class="et_pb_section et_pb_section_0 et_section_regular" >
				
				
				
				
				
				
				
				
				
			</div><div class="et_pb_row et_pb_row_0 et_pb_row_empty">
				
				
				
				
				
			</div><div class="et_pb_module et_pb_text et_pb_text_0  et_pb_text_align_left et_pb_bg_layout_light">
				
				
				
				
				
			</div> Bereits ab dem kommenden Montag, 31. August, werden zusätzliche Busse in der Schülerbeförderung im Landkreis Südliche Weinstraße eingesetzt und damit der Schülertransort auf einigen „Schwerpunktstrecken“ verbessert. Die Förderrichtlinien der [&hellip;]</p>

<!-- wp:paragraph -->
<p>Bereits ab dem kommenden <strong>Montag, 31. August</strong>, werden zusätzliche Busse in der Schülerbeförderung im Landkreis Südliche Weinstraße eingesetzt und damit der Schülertransort auf einigen „Schwerpunktstrecken“ verbessert. Die Förderrichtlinien der Landesregierung liegen nun vor, weshalb schnell mit dem Einsatz der Verstärkerbusse begonnen wird.<br>„Das ist ein wichtiger Verhandlungserfolg des Landkreistages mit dem Verkehrsministerium in Mainz. Da wir die Linien bereits seit Schulbeginn nach ihrer Frequentierung überprüft haben, können wir nun sofort mit der Umsetzung beginnen“, zeigt sich Landrat Dietmar Seefeldt zuversichtlich den Infektionsschutz im Schülerverkehr somit zügig verbessern zu können.</p>
<!-- /wp:paragraph -->

<!-- wp:paragraph -->
<p>Im Linienbündel Bad Bergzabern wird es mit DB RegioBus drei zusätzliche Fahrten mit zwei Solobussen geben. Entlastet werden die Beförderungen der Schüler zum Schulbeginn morgens von Landau nach Bad Bergzabern: 541-205: 07:10 Uhr Landau – Bad Bergzabern (über Billigheim-Ingenheim) sowie nachmittags von Bad Bergzabern nach Landau: 541-222: 13:15 Uhr Bad Bergzabern – Landau und 540-232: 13:15 Uhr Bad Bergzabern – Landau (über Klingenmünster).<br>Mit der Queichtal Nahverkehrsgesellschaft (QNV) wird im Linienbündel Queichtal der Schülerverkehr von und zum Schulzentrum, Trifels-Gymnasium Annweiler (TGA) und Grundschule Annweiler sowie Schulzentrum Bad Bergzabern verstärkt. Hier sind zwei zusätzliche Gelenkbusse und ein zusätzlicher Solobus im Einsatz. Dadurch sind sieben Zusatzfahrten möglich. Zudem finden zwei Fahrten mit dem Solobus anstelle eines Kleinbusses statt, wodurch die Kapazität erweitert wird und ausgeweitete Abstände möglich sind. Diverse Fahrten finden desweiteren mit dem Gelenkbus anstelle der Solobusse statt.<br>Dadurch gibt es Entlastung der Kapazitäten unter anderem vom Bahnhof zum Schulzentrum und TGA in Annweiler, zwischen den Ortschaften Waldrohrbach und Annweiler, auf den Linien Godramstein, Siebeldingen, Birkweiler, Albersweiler von und nach Annweiler, von und nach Münchweiler/Klingbach, Silz, Stein, Gossersweiler in Richtung Annweiler, von und nach Ramberg, Dernbach, Eußerthal in Richtung Annweiler sowie Vorderweidenthal, Birkenhördt von und nach Bad Bergzabern.<br>„Ein Anfang ist damit gemacht“, betont der Landrat. „Selbstverständlich werden wir aber weiterhin die Beförderungen zu den Schulstandorten im Landkreis kritisch beobachten, um gegebenenfalls auch andernorts stark frequentierte Linienbusse zu entlasten“.</p>
<!-- /wp:paragraph -->

<!-- wp:paragraph -->
<p>Mit DBRegioBus im Linienbündel Bad Bergzabern</p>
<!-- /wp:paragraph -->

<!-- wp:paragraph -->
<p>•&nbsp;&nbsp;&nbsp;&nbsp;&nbsp;&nbsp;&nbsp;&nbsp;&nbsp;&nbsp;&nbsp;&nbsp; 541-205: 07:10 Uhr Landau – Bad Bergzabern &nbsp;(über Billigheim-Ingenheim)<br>•&nbsp;&nbsp;&nbsp;&nbsp;&nbsp;&nbsp;&nbsp;&nbsp;&nbsp;&nbsp;&nbsp;&nbsp; 541-222: 13:15 Uhr Bad Bergzabern – Landau<br>•&nbsp;&nbsp;&nbsp;&nbsp;&nbsp;&nbsp;&nbsp;&nbsp;&nbsp;&nbsp;&nbsp;&nbsp; 540-232: 13:15 Uhr Bad Bergzabern – Landau (über Klingenmünster)</p>
<!-- /wp:paragraph -->

<!-- wp:image {"align":"center","id":8653} -->
<div class="wp-block-image"><figure class="aligncenter"><img src="https://schulebza.de/gymnasium/wp-content/uploads/2020/08/441.png" alt="" class="wp-image-8653"/></figure></div>
<!-- /wp:image -->
