{"id":10480,"date":"2025-01-29T18:34:38","date_gmt":"2025-01-29T17:34:38","guid":{"rendered":"https:\/\/schulebza.de\/rsplus\/?page_id=10480"},"modified":"2025-01-29T18:36:24","modified_gmt":"2025-01-29T17:36:24","slug":"busfahrten-nach-zeugnisausgabe-am-31-01-2025","status":"publish","type":"page","link":"https:\/\/schulebza.de\/rsplus\/busfahrten-nach-zeugnisausgabe-am-31-01-2025\/","title":{"rendered":"Busfahrten nach Zeugnisausgabe am 31.01.2025"},"content":{"rendered":"\n<p>Sehr geehrte Damen und Herren,<br>anbei erhalten Sie die \u00dcbersicht der Zusatzfahrten zur Zeugnisausgabe am 31. Januar 2025.<br><strong>Bitte beachten Sie zudem, dass sich zum 2. Schulhalbjahr am 3. Februar 2025 der Fahrplan der Linie 547 \u00e4ndert.<\/strong>&nbsp;Aufgrund geringer Nachfrage wird die Linie 547 gr\u00f6\u00dftenteils zwischen Bad Bergzabern und Niederotterbach eingestellt (Sch\u00fclerverkehr ausgenommen). Die&nbsp;<strong>Linie 544<\/strong>&nbsp;\u00fcbernimmt die Bedienung der Ortschaften Niederotterbach, Dierbach, Oberhausen und Kapellen, sodass die Verbindung Kandel \u2013 Bad Bergzabern mit Umstieg in Niederotterbach weiterhin gew\u00e4hrleistet ist.<br>Folgende Fahrten entfallen zudem:<\/p>\n\n\n\n<ul class=\"wp-block-list\">\n<li><strong>547\/208 (07:27 Uhr ab Niederotterbach nach Bad Bergzabern, Schulzentrum)<\/strong>\n<ul class=\"wp-block-list\">\n<li>Ausweichm\u00f6glichkeiten: Fahrten 547\/204 und 547\/206 (jeweils um 07:30 Uhr ab Niederotterbach, Ort \u00fcber Dierbach nach Bad Bergzabern) sowie 544\/205 (07:17 Uhr ab Niederotterbach \u00fcber Steinfeld nach Bad Bergzabern).<\/li>\n<\/ul>\n<\/li>\n\n\n\n<li><strong>547\/226 (13:15 Uhr ab Bad Bergzabern, Schulzentrum nach Bad Bergzabern, Bahnhof)<\/strong>\n<ul class=\"wp-block-list\">\n<li>Ausweichm\u00f6glichkeiten: Fahrten 540\/232, 540\/234, 541\/220 und 547\/237.<\/li>\n<\/ul>\n<\/li>\n\n\n\n<li><strong>547\/239 (13:20 Uhr ab Bad Bergzabern, Schulzentrum nach Niederotterbach)<\/strong>\n<ul class=\"wp-block-list\">\n<li>Ausweichm\u00f6glichkeiten: Fahrten 547\/241 und 547\/243 (Dierbach &amp; Niederotterbach) sowie 544\/223 (Niederotterbach).<\/li>\n<\/ul>\n<\/li>\n<\/ul>\n\n\n\n<p>Alle Details und Verbindungen k\u00f6nnen den beigef\u00fcgten Fahrpl\u00e4nen entnommen werden.<br><strong>Wir m\u00f6chten auch darauf hinweisen, dass Sch\u00fclerinnen und Sch\u00fcler aus Bad Bergzabern, die keine Fahrkarte besitzen, nicht die Busse zwischen dem Schulzentrum und Bad Bergzabern nutzen sollten. Diese Sch\u00fcler sind nicht in der Kapazit\u00e4tsplanung ber\u00fccksichtigt, nutzen jedoch h\u00e4ufig unerlaubt die Busse, was zu einem erh\u00f6hten Fahrgastaufkommen f\u00fchrt. Das Fahrpersonal wird angehalten, verst\u00e4rkt auf die Fahrkarten zu achten. Fahrg\u00e4ste werden gebeten beim Einstieg Ihre Fahrkarten bereit zu halten, um einen reibungslosen Ablauf zu gew\u00e4hrleisten.<\/strong><br>Vielen Dank f\u00fcr Ihr Verst\u00e4ndnis. Sollten Sie R\u00fcckfragen oder Anregungen haben, z\u00f6gern Sie nicht, mich zu kontaktieren.<br><br>Mit freundlichen Gr\u00fc\u00dfen<br><br>Benjamin Klar<\/p>\n","protected":false},"excerpt":{"rendered":"<p>Sehr geehrte Damen und Herren,anbei erhalten Sie die \u00dcbersicht der Zusatzfahrten zur Zeugnisausgabe am 31. Januar 2025.Bitte beachten Sie zudem, dass sich zum 2. Schulhalbjahr am 3. Februar 2025 der [&hellip;]<\/p>\n","protected":false},"author":10,"featured_media":0,"parent":0,"menu_order":0,"comment_status":"closed","ping_status":"closed","template":"","meta":{"_et_pb_use_builder":"off","_et_pb_old_content":"","_et_gb_content_width":"","footnotes":""},"class_list":["post-10480","page","type-page","status-publish","hentry"],"_links":{"self":[{"href":"https:\/\/schulebza.de\/rsplus\/wp-json\/wp\/v2\/pages\/10480","targetHints":{"allow":["GET"]}}],"collection":[{"href":"https:\/\/schulebza.de\/rsplus\/wp-json\/wp\/v2\/pages"}],"about":[{"href":"https:\/\/schulebza.de\/rsplus\/wp-json\/wp\/v2\/types\/page"}],"author":[{"embeddable":true,"href":"https:\/\/schulebza.de\/rsplus\/wp-json\/wp\/v2\/users\/10"}],"replies":[{"embeddable":true,"href":"https:\/\/schulebza.de\/rsplus\/wp-json\/wp\/v2\/comments?post=10480"}],"version-history":[{"count":1,"href":"https:\/\/schulebza.de\/rsplus\/wp-json\/wp\/v2\/pages\/10480\/revisions"}],"predecessor-version":[{"id":10482,"href":"https:\/\/schulebza.de\/rsplus\/wp-json\/wp\/v2\/pages\/10480\/revisions\/10482"}],"wp:attachment":[{"href":"https:\/\/schulebza.de\/rsplus\/wp-json\/wp\/v2\/media?parent=10480"}],"curies":[{"name":"wp","href":"https:\/\/api.w.org\/{rel}","templated":true}]}}