{"id":9155,"date":"2021-01-07T14:59:44","date_gmt":"2021-01-07T13:59:44","guid":{"rendered":"https:\/\/schulebza.de\/gymnasium\/?page_id=9155"},"modified":"2024-08-27T22:09:02","modified_gmt":"2024-08-27T20:09:02","slug":"untis","status":"publish","type":"page","link":"https:\/\/schulebza.de\/gymnasium\/untis\/","title":{"rendered":"Untis-App"},"content":{"rendered":"<p><strong>Registrierung bei WebUntis<\/strong><\/p>\n<p>Sie m\u00fcssen sich selbst, wie unten beschrieben, registrieren.<\/p>\n<p>Dazu sollten Sie nur folgendes tun:<\/p>\n<ul>\n<li>\u00d6ffnen Sie Ihren <strong>Browser am Computer<\/strong> und geben die Internetseite <a href=\"http:\/\/www.webuntis.com\"><strong>webuntis.com<\/strong><\/a> ein.<\/li>\n<li>Geben Sie dann unseren Schulnamen ein: <strong>Alfred-Grosser-Schulzentrum <\/strong>(sz-bad-bergzabern).<\/li>\n<li>Klicken Sie auf den Link <strong>\u201eRegistrieren\u201c<\/strong> und geben danach Ihre <strong>E-Mail-Adresse<\/strong> ein, die Sie <strong>in der Schule angegeben<\/strong><\/li>\n<li>WebUntis wird dann eine E-Mail an Ihre E-Mail-Adresse schicken. Bitte geben Sie den <strong>Best\u00e4tigungscode aus der E-Mail<\/strong> ein oder <strong>klicken<\/strong> Sie direkt <strong>auf den Link<\/strong> in der E-Mail.<\/li>\n<li>Geben Sie nun Ihr <strong>individuelles Passwort<\/strong> ein, das Sie selbst erstellen.<\/li>\n<li>Ist der Vorgang abgeschlossen, werden Sie nach <strong>Benutzername<\/strong> und <strong>Passwort <\/strong><\/li>\n<li>Ihr <strong>Benutzername<\/strong> ist dann die <strong>eingegebene Email.<\/strong><\/li>\n<\/ul>\n<p><strong>Wichtig: Falls Sie keine aktuelle E-Mail-Adresse bei der Schule angegeben haben, k\u00f6nnen Sie dies gerne \u00fcber unser Sekretariat nachholen. <\/strong><\/p>\n<p>Wir empfehlen, nach erfolgreicher Registrierung \u00fcber den PC, die passende App dazu heruntergeladen. Diese ist \u00fcbersichtlicher gestaltet, sodass Sie alle n\u00f6tigen Funktionen \u00fcber das Smartphone\/Tablet nutzen k\u00f6nnen!<\/p>\n<p>Dazu gehen Sie wie folgt vor:<\/p>\n<ul>\n<li>Laden Sie im App Store bzw. Play Store die kostenlose Untis Mobile App.<\/li>\n<li>Geben Sie als Schulname <strong>das Alfred-Grosser-Schulzentrum<\/strong> (sz-bad-bergzabern) an.<\/li>\n<li>Anschlie\u00dfend geben Sie Ihre <strong>E-Mail-Adresse als Benutzer<\/strong> und Ihr vorher am <strong>PC eingegebenes Passwort<\/strong> ein \u2013 Fertig.<\/li>\n<li>Aktivieren Sie die Mitteilung bei den Einstellungen der Untis App, um wichtige Informationen per Push-Nachricht zu bekommen.<\/li>\n<\/ul>\n<p><strong>Krankmeldung via Untis (Erkl\u00e4rvideo)<\/strong><br \/>\n<iframe title=\"Abwesenheit \u00fcber Untis App\" width=\"1140\" height=\"641\" src=\"https:\/\/www.youtube.com\/embed\/ZcZQAsySHpo?feature=oembed\" frameborder=\"0\" allow=\"accelerometer; autoplay; clipboard-write; encrypted-media; gyroscope; picture-in-picture; web-share\" referrerpolicy=\"strict-origin-when-cross-origin\" allowfullscreen><\/iframe><\/p>\n","protected":false},"excerpt":{"rendered":"<p>Registrierung bei WebUntis Sie m\u00fcssen sich selbst, wie unten beschrieben, registrieren. Dazu sollten Sie nur folgendes tun: \u00d6ffnen Sie Ihren Browser am Computer und geben die Internetseite webuntis.com ein. Geben Sie dann unseren Schulnamen ein: Alfred-Grosser-Schulzentrum (sz-bad-bergzabern). Klicken Sie auf den Link \u201eRegistrieren\u201c und geben danach Ihre E-Mail-Adresse ein, die Sie in der Schule angegeben&#8230;<\/p>\n<p class=\"more-link\"><a href=\"https:\/\/schulebza.de\/gymnasium\/untis\/\" class=\"\"><span>Weiterlesen<\/span><i>&#43;<\/i><\/a><\/p>\n","protected":false},"author":1,"featured_media":0,"parent":0,"menu_order":0,"comment_status":"closed","ping_status":"closed","template":"","meta":{"footnotes":""},"categories":[],"tags":[],"class_list":["post-9155","page","type-page","status-publish","hentry"],"_links":{"self":[{"href":"https:\/\/schulebza.de\/gymnasium\/wp-json\/wp\/v2\/pages\/9155","targetHints":{"allow":["GET"]}}],"collection":[{"href":"https:\/\/schulebza.de\/gymnasium\/wp-json\/wp\/v2\/pages"}],"about":[{"href":"https:\/\/schulebza.de\/gymnasium\/wp-json\/wp\/v2\/types\/page"}],"author":[{"embeddable":true,"href":"https:\/\/schulebza.de\/gymnasium\/wp-json\/wp\/v2\/users\/1"}],"replies":[{"embeddable":true,"href":"https:\/\/schulebza.de\/gymnasium\/wp-json\/wp\/v2\/comments?post=9155"}],"version-history":[{"count":11,"href":"https:\/\/schulebza.de\/gymnasium\/wp-json\/wp\/v2\/pages\/9155\/revisions"}],"predecessor-version":[{"id":13261,"href":"https:\/\/schulebza.de\/gymnasium\/wp-json\/wp\/v2\/pages\/9155\/revisions\/13261"}],"wp:attachment":[{"href":"https:\/\/schulebza.de\/gymnasium\/wp-json\/wp\/v2\/media?parent=9155"}],"wp:term":[{"taxonomy":"category","embeddable":true,"href":"https:\/\/schulebza.de\/gymnasium\/wp-json\/wp\/v2\/categories?post=9155"},{"taxonomy":"post_tag","embeddable":true,"href":"https:\/\/schulebza.de\/gymnasium\/wp-json\/wp\/v2\/tags?post=9155"}],"curies":[{"name":"wp","href":"https:\/\/api.w.org\/{rel}","templated":true}]}}