{"id":7979,"date":"2020-03-23T09:11:34","date_gmt":"2020-03-23T08:11:34","guid":{"rendered":"https:\/\/schulebza.de\/gymnasium\/?page_id=7979"},"modified":"2020-03-24T13:32:49","modified_gmt":"2020-03-24T12:32:49","slug":"moodle-corona","status":"publish","type":"page","link":"https:\/\/schulebza.de\/gymnasium\/moodle-corona\/","title":{"rendered":"Moodle @corona"},"content":{"rendered":"<p>Liebe Sch\u00fclerInnen der MSS,<\/p>\n<p>hier eine Info zur Nutzung der Moodle-App, die bei Ausfall der Website erreichbar sein sollte. Leider sind die Landesserver aktuell sehr stark frequentiert und somit oft \u00fcberlastet. Denkt bitte bei Abgabe von Aufgaben daran, dass m\u00f6glichst die Moodle-Uploadfunktion genutzt werden sollte, nicht die Abgabe per eMail. Falls ihr Aufgaben per eMail an die Dienstadressen der Lehrkr\u00e4fte senden sollt, achtet auf die Dateigr\u00f6\u00dfe, danke :).<\/p>\n<p style=\"text-align: center;\"><div class=\"su-button-center\"><a href=\"http:\/\/lms.bildung-rp.de\/schulebza\" class=\"su-button su-button-style-default\" style=\"color:#444444;background-color:#cbcbcb;border-color:#a3a3a3;border-radius:7px\" target=\"_self\"><span style=\"color:#444444;padding:7px 20px;font-size:16px;line-height:24px;border-color:#dbdbdb;border-radius:7px;text-shadow:none\"><i class=\"sui sui-chevron-circle-right\" style=\"font-size:16px;color:#444444\"><\/i> Moodle<\/span><\/a><\/div>\n<p>Hinweise zum Anmelden bei Moodle <a href=\"https:\/\/schulebza.de\/gymnasium\/moodle\/\">hier<\/a>.<\/p>\n<div class=\"su-heading su-heading-style-default su-heading-align-center\" id=\"\" style=\"font-size:13px;margin-bottom:20px\"><div class=\"su-heading-inner\">Moodle-App (Videoanleitung)<\/div><\/div>\n<p><iframe title=\"MoodleAppAnmeldung\" src=\"https:\/\/player.vimeo.com\/video\/399416493?dnt=1&amp;app_id=122963\" width=\"1140\" height=\"641\" frameborder=\"0\" allow=\"autoplay; fullscreen\" allowfullscreen><\/iframe><\/p>\n","protected":false},"excerpt":{"rendered":"<p>Liebe Sch\u00fclerInnen der MSS, hier eine Info zur Nutzung der Moodle-App, die bei Ausfall der Website erreichbar sein sollte. Leider sind die Landesserver aktuell sehr stark frequentiert und somit oft \u00fcberlastet. Denkt bitte bei Abgabe von Aufgaben daran, dass m\u00f6glichst die Moodle-Uploadfunktion genutzt werden sollte, nicht die Abgabe per eMail. Falls ihr Aufgaben per eMail&#8230;<\/p>\n<p class=\"more-link\"><a href=\"https:\/\/schulebza.de\/gymnasium\/moodle-corona\/\" class=\"\"><span>Weiterlesen<\/span><i>&#43;<\/i><\/a><\/p>\n","protected":false},"author":1,"featured_media":0,"parent":0,"menu_order":0,"comment_status":"closed","ping_status":"closed","template":"","meta":{"footnotes":""},"categories":[],"tags":[],"class_list":["post-7979","page","type-page","status-publish","hentry"],"_links":{"self":[{"href":"https:\/\/schulebza.de\/gymnasium\/wp-json\/wp\/v2\/pages\/7979","targetHints":{"allow":["GET"]}}],"collection":[{"href":"https:\/\/schulebza.de\/gymnasium\/wp-json\/wp\/v2\/pages"}],"about":[{"href":"https:\/\/schulebza.de\/gymnasium\/wp-json\/wp\/v2\/types\/page"}],"author":[{"embeddable":true,"href":"https:\/\/schulebza.de\/gymnasium\/wp-json\/wp\/v2\/users\/1"}],"replies":[{"embeddable":true,"href":"https:\/\/schulebza.de\/gymnasium\/wp-json\/wp\/v2\/comments?post=7979"}],"version-history":[{"count":3,"href":"https:\/\/schulebza.de\/gymnasium\/wp-json\/wp\/v2\/pages\/7979\/revisions"}],"predecessor-version":[{"id":8010,"href":"https:\/\/schulebza.de\/gymnasium\/wp-json\/wp\/v2\/pages\/7979\/revisions\/8010"}],"wp:attachment":[{"href":"https:\/\/schulebza.de\/gymnasium\/wp-json\/wp\/v2\/media?parent=7979"}],"wp:term":[{"taxonomy":"category","embeddable":true,"href":"https:\/\/schulebza.de\/gymnasium\/wp-json\/wp\/v2\/categories?post=7979"},{"taxonomy":"post_tag","embeddable":true,"href":"https:\/\/schulebza.de\/gymnasium\/wp-json\/wp\/v2\/tags?post=7979"}],"curies":[{"name":"wp","href":"https:\/\/api.w.org\/{rel}","templated":true}]}}