{"id":6838,"date":"2019-12-02T22:51:11","date_gmt":"2019-12-02T21:51:11","guid":{"rendered":"http:\/\/schulebza.de\/gymnasium\/?page_id=6838"},"modified":"2026-02-05T19:11:17","modified_gmt":"2026-02-05T18:11:17","slug":"bilingualer-unterricht-ab-7-klasse","status":"publish","type":"page","link":"https:\/\/schulebza.de\/gymnasium\/bilingualer-unterricht-ab-7-klasse\/","title":{"rendered":"Bilingualer Unterricht ab 7. Klasse"},"content":{"rendered":"<p><strong>Bilingualer Zweig ab der 7. Klasse <\/strong><\/p>\n<p><strong><img decoding=\"async\" class=\"wp-image-6776 alignleft\" src=\"http:\/\/schulebza.de\/gymnasium\/wp-content\/uploads\/2019\/11\/logo_abibac_banniere-300x126.jpg\" alt=\"\" width=\"205\" height=\"86\" srcset=\"https:\/\/schulebza.de\/gymnasium\/wp-content\/uploads\/2019\/11\/logo_abibac_banniere-300x126.jpg 300w, https:\/\/schulebza.de\/gymnasium\/wp-content\/uploads\/2019\/11\/logo_abibac_banniere.jpg 760w\" sizes=\"(max-width: 205px) 100vw, 205px\" \/><\/strong><\/p>\n<p style=\"text-align: center;\"><strong>\u201eBili\u201c \u2013 \u00f6ffnet Welten, schafft Perspektiven<\/strong><img decoding=\"async\" class=\"wp-image-6344 alignright\" src=\"http:\/\/schulebza.de\/gymnasium\/wp-content\/uploads\/2019\/08\/verti.jpg\" alt=\"\" width=\"99\" height=\"106\" \/><\/p>\n<p>Bilingualer Unterricht gilt zu Recht europaweit als besonders effektiver Weg zu hohen fremdsprachlichen und interkulturellen Kompetenzen, die den Sch\u00fclerinnen und Sch\u00fclern die Orientierung in Studium und Beruf \u2013 auch international \u2013 erleichtern. Erreicht wird dieses Ziel, indem die Sachf\u00e4cher Erdkunde und Geschichte progressiv in franz\u00f6sischer Sprache unterrichtet werden. Zus\u00e4tzlich erhalten die Sch\u00fclerinnen und Sch\u00fcler eine deutsche Erg\u00e4nzungsstunde im jeweiligen Sachfach. Dieses Angebot richtet sich an Sch\u00fclerinnen und Sch\u00fcler, die in der <strong><u>Orientierungsstufe Franz\u00f6sisch<\/u><\/strong> als erste Fremdsprache erlernt haben und ab der 7. Klasse am bilingualen Unterricht teilnehmen.<\/p>\n<p>Hier finden Sie zun\u00e4chst einen <a href=\"https:\/\/schulebza.de\/gymnasium\/download\/ueberblick-und-alle-wichtigen-fragen-zum-bilingualen-unterricht\/\">\u00dcberblick und alle wichtigen Fragen zum bilingualen Unterricht<\/a>.<\/p>\n<h4>Stundenverteilung im bilingualen Zug der Unterstufe (GOS)<\/h4>\n<table style=\"width: 100%; border-collapse: collapse; border-style: hidden;\">\n<tbody>\n<tr>\n<td><strong>5. Klasse<\/strong><\/td>\n<td>5 Std. Franz\u00f6sisch<\/td>\n<td>2 Std. Fran\u00e7ais langue<\/td>\n<\/tr>\n<tr>\n<td><strong>6. Klasse<\/strong><\/td>\n<td>4 Std. Franz\u00f6sisch<\/td>\n<td>2 Std. Fran\u00e7ais langue<\/td>\n<\/tr>\n<\/tbody>\n<\/table>\n<h4>Stundenverteilung im bilingualen Zug der Mittelstufe<\/h4>\n<table style=\"width: 100%; border-collapse: collapse; border-style: hidden;\">\n<tbody>\n<tr>\n<td><strong>7. Klasse<\/strong><\/td>\n<td>4 Std. Franz\u00f6sisch<\/td>\n<td>2 Std. G\u00e9ographie<br \/>\n+ 1 Std. Erdkunde<\/td>\n<td>2 Std. Geschichte<\/td>\n<\/tr>\n<tr>\n<td><strong>8. Klasse<\/strong><\/td>\n<td>3 Std. Franz\u00f6sisch<\/td>\n<td><strong>1. Halbjahr:<\/strong><br \/>\n2 Std. G\u00e9ographie<br \/>\n+ 1 Std. Erdkunde<br \/>\n<strong>2. Halbjahr:<\/strong><br \/>\n1 Std. G\u00e9ographie<\/td>\n<td><strong>2. Halbjahr:<\/strong><br \/>\n2 Std. Geschichte<\/td>\n<\/tr>\n<tr>\n<td><strong>9. Klasse<\/strong><\/td>\n<td>3 Std. Franz\u00f6sisch<\/td>\n<td>&#8212;&#8212;&#8212;&#8212;-<\/td>\n<td>2 Std. Histoire<br \/>\n+ 1 Std. Geschichte<\/td>\n<\/tr>\n<tr>\n<td><strong>10. Klasse<\/strong><\/td>\n<td>3 Std. Franz\u00f6sisch<\/td>\n<td>2 Std. G\u00e9ographie<br \/>\n+ 1 Std. Erdkunde<\/td>\n<td>2 Std. Histoire<br \/>\n+ 1 Std. Geschichte<\/td>\n<\/tr>\n<\/tbody>\n<\/table>\n<h4>Stundenverteilung im bilingualen Zug der Oberstufe (AbiBac)<\/h4>\n<table style=\"height: 72px; width: 100%; border-collapse: collapse; border-style: hidden;\">\n<tbody>\n<tr style=\"height: 24px;\">\n<td style=\"height: 24px;\"><strong>MSS 11<\/strong><\/td>\n<td style=\"height: 24px;\">5 Std. Franz\u00f6sisch (LK)<\/td>\n<td style=\"height: 24px;\">3 Std. G\u00e9o + 3 Std. Histoire<\/td>\n<\/tr>\n<tr style=\"height: 24px;\">\n<td style=\"height: 24px;\"><strong>MSS 12<\/strong><\/td>\n<td style=\"height: 24px;\">5 Std. Franz\u00f6sisch (LK)<\/td>\n<td style=\"height: 24px;\">3 Std. G\u00e9o + 3 Std. Histoire<\/td>\n<\/tr>\n<tr style=\"height: 24px;\">\n<td style=\"height: 24px;\"><strong>MSS 13<\/strong><\/td>\n<td style=\"height: 24px;\">5 Std. Franz\u00f6sisch (LK)<\/td>\n<td style=\"height: 24px;\">3 Std. G\u00e9o + 3 Std. Histoire<\/td>\n<\/tr>\n<\/tbody>\n<\/table>\n<p>Die Sch\u00fclerinnen und Sch\u00fcler erhalten im Zeugnis einen Vermerk, der ihnen bescheinigt, dass sie am bilingualen Sachfachunterricht teilgenommen haben.<br \/>\nAm Ende der Mittelstufe wird bei durchg\u00e4ngiger Belegung des bilingualen Unterrichts ein Zertifikat ausgestellt.<\/p>\n<p>Sch\u00fclerinnen und Sch\u00fcler des bilingualen Zweiges haben in der Oberstufe die M\u00f6glichkeit, zugleich mit dem Abitur das franz\u00f6sische <em>baccalur\u00e9at<\/em> abzulegen.<\/p>\n<p><strong>Welche Vorteile hat bilingualer Unterricht? <\/strong><\/p>\n<ul>\n<li>ein sehr hohes Fremdsprachenniveau (C1 des europ\u00e4ischen Referenzrahmens am Ende der Oberstufe), ann\u00e4hernde Zweisprachigkeit<\/li>\n<li>internationale Studierf\u00e4higkeit<\/li>\n<li>erh\u00f6hte Chancen bei Bewerbungen und in der Berufswelt (Zusatzqualifikation)<\/li>\n<\/ul>\n<p>&nbsp;<\/p>\n<p>Bei Fragen k\u00f6nnen Sie gerne eine Email an folgende Adresse schreiben: bilingual@schulebza.de<\/p>\n","protected":false},"excerpt":{"rendered":"<p>Bilingualer Zweig ab der 7. Klasse \u201eBili\u201c \u2013 \u00f6ffnet Welten, schafft Perspektiven Bilingualer Unterricht gilt zu Recht europaweit als besonders effektiver Weg zu hohen fremdsprachlichen und interkulturellen Kompetenzen, die den Sch\u00fclerinnen und Sch\u00fclern die Orientierung in Studium und Beruf \u2013 auch international \u2013 erleichtern. Erreicht wird dieses Ziel, indem die Sachf\u00e4cher Erdkunde und Geschichte progressiv&#8230;<\/p>\n<p class=\"more-link\"><a href=\"https:\/\/schulebza.de\/gymnasium\/bilingualer-unterricht-ab-7-klasse\/\" class=\"\"><span>Weiterlesen<\/span><i>&#43;<\/i><\/a><\/p>\n","protected":false},"author":1,"featured_media":0,"parent":0,"menu_order":0,"comment_status":"closed","ping_status":"closed","template":"","meta":{"footnotes":""},"categories":[],"tags":[],"class_list":["post-6838","page","type-page","status-publish","hentry"],"_links":{"self":[{"href":"https:\/\/schulebza.de\/gymnasium\/wp-json\/wp\/v2\/pages\/6838","targetHints":{"allow":["GET"]}}],"collection":[{"href":"https:\/\/schulebza.de\/gymnasium\/wp-json\/wp\/v2\/pages"}],"about":[{"href":"https:\/\/schulebza.de\/gymnasium\/wp-json\/wp\/v2\/types\/page"}],"author":[{"embeddable":true,"href":"https:\/\/schulebza.de\/gymnasium\/wp-json\/wp\/v2\/users\/1"}],"replies":[{"embeddable":true,"href":"https:\/\/schulebza.de\/gymnasium\/wp-json\/wp\/v2\/comments?post=6838"}],"version-history":[{"count":10,"href":"https:\/\/schulebza.de\/gymnasium\/wp-json\/wp\/v2\/pages\/6838\/revisions"}],"predecessor-version":[{"id":6842,"href":"https:\/\/schulebza.de\/gymnasium\/wp-json\/wp\/v2\/pages\/6838\/revisions\/6842"}],"wp:attachment":[{"href":"https:\/\/schulebza.de\/gymnasium\/wp-json\/wp\/v2\/media?parent=6838"}],"wp:term":[{"taxonomy":"category","embeddable":true,"href":"https:\/\/schulebza.de\/gymnasium\/wp-json\/wp\/v2\/categories?post=6838"},{"taxonomy":"post_tag","embeddable":true,"href":"https:\/\/schulebza.de\/gymnasium\/wp-json\/wp\/v2\/tags?post=6838"}],"curies":[{"name":"wp","href":"https:\/\/api.w.org\/{rel}","templated":true}]}}