{"id":6545,"date":"2019-09-16T17:46:19","date_gmt":"2019-09-16T15:46:19","guid":{"rendered":"http:\/\/schulebza.de\/gymnasiumneu\/?page_id=6545"},"modified":"2019-09-16T17:46:19","modified_gmt":"2019-09-16T15:46:19","slug":"schulbibliotheken","status":"publish","type":"page","link":"https:\/\/schulebza.de\/gymnasium\/schulbibliotheken\/","title":{"rendered":"Schulbibliotheken"},"content":{"rendered":"<div class=\"su-heading su-heading-style-default su-heading-align-center\" id=\"\" style=\"font-size:13px;margin-bottom:20px\"><div class=\"su-heading-inner\"><strong>Schulbibliothek in der RS+<\/strong><\/div><\/div>\n<p>Die Schulbibliothek des Alfred-Grosser-Schulzentrums findest du in der Realschule+. Dort sind fast 30.000 Medien ausleihbar.<\/p>\n<p><strong>Hier geht&#8217;s zur Onlinerecherche: <a href=\"https:\/\/www.biblino.de\/index.php?id=176\" target=\"_blank\" rel=\"noopener noreferrer\">https:\/\/www.biblino.de\/index.php?id=176<\/a><\/strong><\/p>\n<p>&nbsp;<\/p>\n<p><strong><div class=\"su-heading su-heading-style-default su-heading-align-center\" id=\"\" style=\"font-size:13px;margin-bottom:20px\"><div class=\"su-heading-inner\">Oberstufenbibliothek<\/div><\/div><\/strong><\/p>\n<p style=\"text-align: justify;\">Sch\u00fcler*innen ab der 11. Klasse k\u00f6nnen unsere Oberstufenbibliothek im <strong>Raum A 100<\/strong> benutzen. Dazu ist es notwendig, sich bei Frau Kliewer in eine Liste eintragen zu lassen. Nur dann kann man sich im Sekretariat den Schl\u00fcssel holen. Die aktuelle Liste mit den \u00d6ffnungszeiten h\u00e4ngt an der T\u00fcr des Raumes.<\/p>\n<p style=\"text-align: justify;\">In der Oberstufenbibliothek kann man<\/p>\n<ul>\n<li style=\"text-align: justify;\"><strong>in Ruhe arbeiten<\/strong><\/li>\n<li style=\"text-align: justify;\">am PC mit <strong>Internet recherchieren<\/strong>, u.a. auch im Landesbibliothekszentrum, wo man auch <strong>B\u00fccher ausleihen kann oder Fernleihen (aus allen Bibliotheken Deutschlands) bestellen<\/strong> kann. Die Recherche in der &#8222;Digitalen Bibliothek&#8220; ist mit einem Passwort m\u00f6glich, das neben dem PC liegt, das aber auch von Zuhause eingesetzt werden kann (unter: <a href=\"https:\/\/lbz.rlp.de\/de\/startseite\/\">https:\/\/lbz.rlp.de\/de\/startseite\/<\/a>) Bei Fernleihen k\u00f6nnen bei Frau Kliewer TAN-Codes f\u00fcr 1,50 Euro gekauft werden. Bitte bei Frau Kliewer auch melden, wenn ein Buch bestellt wurde, damit es an die Besteller*innen weitergegeben werden kann!<\/li>\n<li style=\"text-align: justify;\">B\u00fccher einsehen, die nach Fachgebieten geordnet sind. Diese sind nicht auszuleihen.<\/li>\n<\/ul>\n","protected":false},"excerpt":{"rendered":"<p>Die Schulbibliothek des Alfred-Grosser-Schulzentrums findest du in der Realschule+. Dort sind fast 30.000 Medien ausleihbar. Hier geht&#8217;s zur Onlinerecherche: https:\/\/www.biblino.de\/index.php?id=176 &nbsp; Sch\u00fcler*innen ab der 11. Klasse k\u00f6nnen unsere Oberstufenbibliothek im Raum A 100 benutzen. Dazu ist es notwendig, sich bei Frau Kliewer in eine Liste eintragen zu lassen. Nur dann kann man sich im Sekretariat&#8230;<\/p>\n<p class=\"more-link\"><a href=\"https:\/\/schulebza.de\/gymnasium\/schulbibliotheken\/\" class=\"\"><span>Weiterlesen<\/span><i>&#43;<\/i><\/a><\/p>\n","protected":false},"author":1,"featured_media":0,"parent":0,"menu_order":0,"comment_status":"closed","ping_status":"closed","template":"","meta":{"footnotes":""},"categories":[],"tags":[],"class_list":["post-6545","page","type-page","status-publish","hentry"],"_links":{"self":[{"href":"https:\/\/schulebza.de\/gymnasium\/wp-json\/wp\/v2\/pages\/6545","targetHints":{"allow":["GET"]}}],"collection":[{"href":"https:\/\/schulebza.de\/gymnasium\/wp-json\/wp\/v2\/pages"}],"about":[{"href":"https:\/\/schulebza.de\/gymnasium\/wp-json\/wp\/v2\/types\/page"}],"author":[{"embeddable":true,"href":"https:\/\/schulebza.de\/gymnasium\/wp-json\/wp\/v2\/users\/1"}],"replies":[{"embeddable":true,"href":"https:\/\/schulebza.de\/gymnasium\/wp-json\/wp\/v2\/comments?post=6545"}],"version-history":[{"count":1,"href":"https:\/\/schulebza.de\/gymnasium\/wp-json\/wp\/v2\/pages\/6545\/revisions"}],"predecessor-version":[{"id":6546,"href":"https:\/\/schulebza.de\/gymnasium\/wp-json\/wp\/v2\/pages\/6545\/revisions\/6546"}],"wp:attachment":[{"href":"https:\/\/schulebza.de\/gymnasium\/wp-json\/wp\/v2\/media?parent=6545"}],"wp:term":[{"taxonomy":"category","embeddable":true,"href":"https:\/\/schulebza.de\/gymnasium\/wp-json\/wp\/v2\/categories?post=6545"},{"taxonomy":"post_tag","embeddable":true,"href":"https:\/\/schulebza.de\/gymnasium\/wp-json\/wp\/v2\/tags?post=6545"}],"curies":[{"name":"wp","href":"https:\/\/api.w.org\/{rel}","templated":true}]}}