{"id":4877,"date":"2019-04-26T20:27:54","date_gmt":"2019-04-26T18:27:54","guid":{"rendered":"http:\/\/schulebza.de\/gymnasiumneu\/?page_id=4877"},"modified":"2019-10-14T20:05:09","modified_gmt":"2019-10-14T18:05:09","slug":"informatik","status":"publish","type":"page","link":"https:\/\/schulebza.de\/gymnasium\/informatik\/","title":{"rendered":"Informatik"},"content":{"rendered":"<p style=\"text-align: justify;\"><strong><img decoding=\"async\" class=\" wp-image-6630 alignleft\" src=\"http:\/\/schulebza.de\/gymnasium\/wp-content\/uploads\/2019\/10\/IMG_20190829_151428-300x300.jpg\" alt=\"\" width=\"252\" height=\"252\" srcset=\"https:\/\/schulebza.de\/gymnasium\/wp-content\/uploads\/2019\/10\/IMG_20190829_151428-300x300.jpg 300w, https:\/\/schulebza.de\/gymnasium\/wp-content\/uploads\/2019\/10\/IMG_20190829_151428-150x150.jpg 150w, https:\/\/schulebza.de\/gymnasium\/wp-content\/uploads\/2019\/10\/IMG_20190829_151428-768x768.jpg 768w, https:\/\/schulebza.de\/gymnasium\/wp-content\/uploads\/2019\/10\/IMG_20190829_151428-1024x1024.jpg 1024w, https:\/\/schulebza.de\/gymnasium\/wp-content\/uploads\/2019\/10\/IMG_20190829_151428-640x640.jpg 640w, https:\/\/schulebza.de\/gymnasium\/wp-content\/uploads\/2019\/10\/IMG_20190829_151428-570x570.jpg 570w, https:\/\/schulebza.de\/gymnasium\/wp-content\/uploads\/2019\/10\/IMG_20190829_151428-380x380.jpg 380w, https:\/\/schulebza.de\/gymnasium\/wp-content\/uploads\/2019\/10\/IMG_20190829_151428-285x285.jpg 285w\" sizes=\"(max-width: 252px) 100vw, 252px\" \/>Informatik <\/strong>wird hier \u2013 an einer der ersten Schulen landes- und bundesweit \u2013 als AG (seit 1980\/81) und seit dem Schuljahr 1982\/83 regelm\u00e4\u00dfig in der Oberstufe als Grundfach unterrichtet.<\/p>\n<p style=\"text-align: justify;\">Bereits ab Klasse 5 haben die Sch\u00fcler im Rahmen von Arbeitsgemeinschaften wie bspw.\u00a0\r\n\t<a class=\"paoc-popup-click paoc-popup-cust-6632 paoc-popup-simple_link paoc-popup-link\" href=\"javascript:void(0);\">IT-Scouts<\/a>\r\n\r\n die Gelegenheit erste Kenntnisse und F\u00e4higkeiten in diesem Bereich zu erwerben und zu entwickeln. In diesem Rahmen kann an Wettbewerben wie z. B.\u00a0\r\n\t<a class=\"paoc-popup-click paoc-popup-cust-6633 paoc-popup-simple_link paoc-popup-link\" href=\"javascript:void(0);\">First Lego League<\/a>\r\n\r\n teilgenommen werden. In der Mittelstufe werden durch die Teilnahme m\u00f6glichst aller Sch\u00fcler am\u00a0\r\n\t<a class=\"paoc-popup-click paoc-popup-cust-6634 paoc-popup-simple_link paoc-popup-link\" href=\"javascript:void(0);\">Informatik-Biber<\/a>\r\n\r\n erste Einblicke in informationstechnische Arbeitsweisen erm\u00f6glicht.<\/p>\n<p>Im Informatikunterricht der Oberstufe wird nachdem<\/p>\n<ul>\n<li>Daten und Informationen im Internet mit HTML dargestellt wurden,<\/li>\n<li>ins Programmieren eingef\u00fchrt und<\/li>\n<li>tiefere Einblicke in die technische Funktion von Rechnern, Rechnernetzen und Datensicherheit gegeben, sowie<\/li>\n<li>in die theoretische Informatik.<\/li>\n<\/ul>\n<p>&nbsp;<\/p>\n<p>Im Unterricht wird zum Teil auf das landesweite <a href=\"http:\/\/www.inf-schule.de\" target=\"_blank\" rel=\"noopener noreferrer\">digitale Schulbuch<\/a> zur\u00fcckgegriffen. Die Sch\u00fcler k\u00f6nnen zus\u00e4tzlich am <a href=\"https:\/\/bwinf.de\" target=\"_blank\" rel=\"noopener noreferrer\">Bundeswettbewerb Informatik<\/a> teilnehmen, eine <em>BLL<\/em> anfertigen oder eine m\u00fcndliche Abiturpr\u00fcfung in Informatik ablegen.<\/p>\n<div class=\"su-custom-gallery su-custom-gallery-align-left su-custom-gallery-title-never su-lightbox-gallery\"><div class=\"su-custom-gallery-slide\" style=\"width:120px;height:130px\"><a href=\"https:\/\/schulebza.de\/gymnasium\/wp-content\/uploads\/2019\/10\/IMG_20190829_152932.jpg\" target=\"_blank\" title=\"\"><img decoding=\"async\" src=\"https:\/\/schulebza.de\/gymnasium\/wp-content\/uploads\/2019\/10\/IMG_20190829_152932-120x130.jpg\" alt=\"\" width=\"120\" height=\"130\" \/><\/a><\/div><div class=\"su-custom-gallery-slide\" style=\"width:120px;height:130px\"><a href=\"https:\/\/schulebza.de\/gymnasium\/wp-content\/uploads\/2019\/10\/IMG_20190829_151945.jpg\" target=\"_blank\" title=\"\"><img decoding=\"async\" src=\"https:\/\/schulebza.de\/gymnasium\/wp-content\/uploads\/2019\/10\/IMG_20190829_151945-120x130.jpg\" alt=\"\" width=\"120\" height=\"130\" \/><\/a><\/div><div class=\"su-custom-gallery-slide\" style=\"width:120px;height:130px\"><a href=\"https:\/\/schulebza.de\/gymnasium\/wp-content\/uploads\/2019\/10\/IMG_20190829_151444.jpg\" target=\"_blank\" title=\"\"><img decoding=\"async\" src=\"https:\/\/schulebza.de\/gymnasium\/wp-content\/uploads\/2019\/10\/IMG_20190829_151444-120x130.jpg\" alt=\"\" width=\"120\" height=\"130\" \/><\/a><\/div><div class=\"su-custom-gallery-slide\" style=\"width:120px;height:130px\"><a href=\"https:\/\/schulebza.de\/gymnasium\/wp-content\/uploads\/2019\/10\/IMG_20190829_152916.jpg\" target=\"_blank\" title=\"IMG_20190829_152916\"><img decoding=\"async\" src=\"https:\/\/schulebza.de\/gymnasium\/wp-content\/uploads\/2019\/10\/IMG_20190829_152916-120x130.jpg\" alt=\"IMG_20190829_152916\" width=\"120\" height=\"130\" \/><span class=\"su-custom-gallery-title\">IMG_20190829_152916<\/span><\/a><\/div><div class=\"su-clear\"><\/div><\/div>\n<p>&nbsp;<\/p>\n","protected":false},"excerpt":{"rendered":"<p>Informatik wird hier \u2013 an einer der ersten Schulen landes- und bundesweit \u2013 als AG (seit 1980\/81) und seit dem Schuljahr 1982\/83 regelm\u00e4\u00dfig in der Oberstufe als Grundfach unterrichtet. Bereits ab Klasse 5 haben die Sch\u00fcler im Rahmen von Arbeitsgemeinschaften wie bspw.\u00a0 die Gelegenheit erste Kenntnisse und F\u00e4higkeiten in diesem Bereich zu erwerben und zu&#8230;<\/p>\n<p class=\"more-link\"><a href=\"https:\/\/schulebza.de\/gymnasium\/informatik\/\" class=\"\"><span>Weiterlesen<\/span><i>&#43;<\/i><\/a><\/p>\n","protected":false},"author":1,"featured_media":0,"parent":0,"menu_order":0,"comment_status":"closed","ping_status":"closed","template":"","meta":{"footnotes":""},"categories":[],"tags":[],"class_list":["post-4877","page","type-page","status-publish","hentry"],"_links":{"self":[{"href":"https:\/\/schulebza.de\/gymnasium\/wp-json\/wp\/v2\/pages\/4877","targetHints":{"allow":["GET"]}}],"collection":[{"href":"https:\/\/schulebza.de\/gymnasium\/wp-json\/wp\/v2\/pages"}],"about":[{"href":"https:\/\/schulebza.de\/gymnasium\/wp-json\/wp\/v2\/types\/page"}],"author":[{"embeddable":true,"href":"https:\/\/schulebza.de\/gymnasium\/wp-json\/wp\/v2\/users\/1"}],"replies":[{"embeddable":true,"href":"https:\/\/schulebza.de\/gymnasium\/wp-json\/wp\/v2\/comments?post=4877"}],"version-history":[{"count":6,"href":"https:\/\/schulebza.de\/gymnasium\/wp-json\/wp\/v2\/pages\/4877\/revisions"}],"predecessor-version":[{"id":6629,"href":"https:\/\/schulebza.de\/gymnasium\/wp-json\/wp\/v2\/pages\/4877\/revisions\/6629"}],"wp:attachment":[{"href":"https:\/\/schulebza.de\/gymnasium\/wp-json\/wp\/v2\/media?parent=4877"}],"wp:term":[{"taxonomy":"category","embeddable":true,"href":"https:\/\/schulebza.de\/gymnasium\/wp-json\/wp\/v2\/categories?post=4877"},{"taxonomy":"post_tag","embeddable":true,"href":"https:\/\/schulebza.de\/gymnasium\/wp-json\/wp\/v2\/tags?post=4877"}],"curies":[{"name":"wp","href":"https:\/\/api.w.org\/{rel}","templated":true}]}}