{"id":4856,"date":"2019-04-26T19:59:12","date_gmt":"2019-04-26T17:59:12","guid":{"rendered":"http:\/\/schulebza.de\/gymnasiumneu\/?page_id=4856"},"modified":"2019-12-12T22:22:51","modified_gmt":"2019-12-12T21:22:51","slug":"franzoesisch","status":"publish","type":"page","link":"https:\/\/schulebza.de\/gymnasium\/franzoesisch\/","title":{"rendered":"Franz\u00f6sisch"},"content":{"rendered":"<p style=\"text-align: justify;\"><strong>Bienvenue !<\/strong><\/p>\n<p><img decoding=\"async\" class=\" wp-image-3558 alignright\" src=\"http:\/\/schulebza.de\/gymnasium\/wp-content\/uploads\/2019\/02\/logo_abibac_banniere-300x126.jpg\" alt=\"\" width=\"179\" height=\"75\" srcset=\"https:\/\/schulebza.de\/gymnasium\/wp-content\/uploads\/2019\/02\/logo_abibac_banniere-300x126.jpg 300w, https:\/\/schulebza.de\/gymnasium\/wp-content\/uploads\/2019\/02\/logo_abibac_banniere.jpg 760w\" sizes=\"(max-width: 179px) 100vw, 179px\" \/><\/p>\n<p style=\"text-align: justify;\">Die melodische Sprache Franz\u00f6sisch ist voller \u2013 auch lustiger \u2013 Anekdoten. Sie geh\u00f6rt einem Land, das kulturell, historisch und geographisch gesehen sehr vielf\u00e4ltig und voller Klischees ist, die es zu hinterfragen gilt. Frankreich ist unser Nachbarland und voller M\u00f6glichkeiten f\u00fcr unsere Sch\u00fclerinnen und Sch\u00fcler, nicht nur aus der beruflichen Perspektive!<\/p>\n<p style=\"text-align: justify;\"><img decoding=\"async\" class=\" wp-image-6344 alignleft\" src=\"http:\/\/schulebza.de\/gymnasium\/wp-content\/uploads\/2019\/08\/verti.jpg\" alt=\"\" width=\"122\" height=\"130\" \/>Dar\u00fcber hinaus wird die franz\u00f6sische Sprache weltweit von mehr als 200 Millionen\u00a0 Menschen als Mutter- oder Zweitsprache gesprochen und 55 Staaten sind sogenannte frankophone L\u00e4nder. Die Sch\u00fclerinnen und Sch\u00fcler lernen durch die franz\u00f6sische Sprache im Unterricht und in Projekten auch weitere Kulturen kennen und erweitern so ihren Horizont.<\/p>\n<p style=\"text-align: justify;\">Die Fachschaft Franz\u00f6sisch legt gro\u00dfen Wert auf einen handlungsorientierten Unterricht (Rollenspiele, Sprachspiele, authentische Unterrichtsgegenst\u00e4nde, Filme, Chansons&#8230;) und den Aufbau der interkulturellen Handlungskompetenz. Abgesehen von der Integration authentischer Sprechanl\u00e4sse im Unterricht, wird diese Kompetenz u. a. durch <strong><u>Austauschprogramme<\/u><\/strong>, sowie durch die seit 2017 etablierten <strong>m\u00fcndlichen Pr\u00fcfungen<\/strong> in der 8. Klasse (1. Fremdsprache) gef\u00f6rdert.<\/p>\n<p style=\"text-align: justify;\">Neben den von uns organisierten Austauschen gibt es f\u00fcr Sch\u00fclerinnen und Sch\u00fcler der Klassen 8, 9 und 10 auch immer die M\u00f6glichkeit an einem <strong><u>individuellen Austausch<\/u><\/strong> teilzunehmen. F\u00fcr die 6. Klassen (1. Fremdsprache) ist zudem ein j\u00e4hrlich stattfindender\u00a0 Tagesaustausch mit unserer Partnerschule, dem <em>Coll\u00e8ge Georges Holderith <\/em>in <strong><u>Lauterbourg<\/u><\/strong> bzw. ein Tagesausflug nach Stra\u00dfburg geplant.<\/p>\n<p style=\"text-align: justify;\">Ab der 7. Klasse k\u00f6nnen Sch\u00fclerinnen und Sch\u00fcler den <a href=\"http:\/\/schulebza.de\/gymnasium\/bilingualer-unterricht-ab-7-klasse\/\"><strong><u>bilingualen Zweig<\/u><\/strong><\/a> belegen. In der Oberstufe k\u00f6nnen dadurch das <a href=\"http:\/\/schulebza.de\/gymnasium\/franzoesisch-abibac\/\"><strong><em><u>AbiBac<\/u><\/em><\/strong><\/a>, <a href=\"http:\/\/schulebza.de\/gymnasium\/certilingua\/\"><strong><u>CertiLingua<\/u><\/strong><\/a> und\/oder ein <a href=\"http:\/\/schulebza.de\/gymnasium\/franzoesisch-abibac\/\"><strong><u>bilinguales Abitur<\/u><\/strong><\/a> absolviert werden. Im Rahmen der <strong><u>Berufsorientierung<\/u><\/strong> findet j\u00e4hrlich eine Informationsveranstaltung zu bilingualen Studieng\u00e4ngen statt, die sich speziell an diese Sch\u00fclerinnen und Sch\u00fcler richtet.<\/p>\n<p style=\"text-align: justify;\">Weitere Angebote erlauben die Sprache und das Partnerland n\u00e4her kennen zu lernen, zum Beispiel durch einen im Fr\u00fchjahr angebotenen Tagesausflug nach <strong>Paris<\/strong> f\u00fcr Familien und Sch\u00fclerinnen und Sch\u00fcler ab Klasse 5, durch die erfolgreiche Teilnahme an <strong><u>Wettbewerben<\/u><\/strong> in verschiedenen Jahrgangsstufen und durch die Teilnahme am <strong><em><u>Prix des lyc\u00e9ens<\/u><\/em><\/strong> in der Oberstufe. Am 22.01. feiert die Fachschaft Franz\u00f6sisch mit diversen Aktivit\u00e4ten, Ausstellungen und Projekten den <strong><u>Deutsch-Franz\u00f6sischen<\/u><\/strong><u> <strong>Freundschaftstag<\/strong><\/u>. Der Erl\u00f6s des j\u00e4hrlich stattfindenden Cr\u00eapes- und Kuchenverkaufs kommt Schulen in Togo zu.<\/p>\n<p style=\"text-align: justify;\">Weitere Veranstaltungen, die alle zwei Jahre angeboten werden, ist der Besuch des <strong><em><u>France Mobil<\/u><\/em><\/strong><em>,<\/em> das Sch\u00fclerinnen und Sch\u00fcler dazu einl\u00e4dt, die franz\u00f6sische Sprache spielerisch zu entdecken, sowie der Besuch der <strong><em>Conteuse<\/em><\/strong><em>, <\/em>einer franz\u00f6sischen Geschichtenerz\u00e4hlerin.<\/p>\n","protected":false},"excerpt":{"rendered":"<p>Bienvenue ! Die melodische Sprache Franz\u00f6sisch ist voller \u2013 auch lustiger \u2013 Anekdoten. Sie geh\u00f6rt einem Land, das kulturell, historisch und geographisch gesehen sehr vielf\u00e4ltig und voller Klischees ist, die es zu hinterfragen gilt. Frankreich ist unser Nachbarland und voller M\u00f6glichkeiten f\u00fcr unsere Sch\u00fclerinnen und Sch\u00fcler, nicht nur aus der beruflichen Perspektive! Dar\u00fcber hinaus wird&#8230;<\/p>\n<p class=\"more-link\"><a href=\"https:\/\/schulebza.de\/gymnasium\/franzoesisch\/\" class=\"\"><span>Weiterlesen<\/span><i>&#43;<\/i><\/a><\/p>\n","protected":false},"author":1,"featured_media":0,"parent":0,"menu_order":0,"comment_status":"closed","ping_status":"closed","template":"","meta":{"footnotes":""},"categories":[],"tags":[],"class_list":["post-4856","page","type-page","status-publish","hentry"],"_links":{"self":[{"href":"https:\/\/schulebza.de\/gymnasium\/wp-json\/wp\/v2\/pages\/4856","targetHints":{"allow":["GET"]}}],"collection":[{"href":"https:\/\/schulebza.de\/gymnasium\/wp-json\/wp\/v2\/pages"}],"about":[{"href":"https:\/\/schulebza.de\/gymnasium\/wp-json\/wp\/v2\/types\/page"}],"author":[{"embeddable":true,"href":"https:\/\/schulebza.de\/gymnasium\/wp-json\/wp\/v2\/users\/1"}],"replies":[{"embeddable":true,"href":"https:\/\/schulebza.de\/gymnasium\/wp-json\/wp\/v2\/comments?post=4856"}],"version-history":[{"count":10,"href":"https:\/\/schulebza.de\/gymnasium\/wp-json\/wp\/v2\/pages\/4856\/revisions"}],"predecessor-version":[{"id":6865,"href":"https:\/\/schulebza.de\/gymnasium\/wp-json\/wp\/v2\/pages\/4856\/revisions\/6865"}],"wp:attachment":[{"href":"https:\/\/schulebza.de\/gymnasium\/wp-json\/wp\/v2\/media?parent=4856"}],"wp:term":[{"taxonomy":"category","embeddable":true,"href":"https:\/\/schulebza.de\/gymnasium\/wp-json\/wp\/v2\/categories?post=4856"},{"taxonomy":"post_tag","embeddable":true,"href":"https:\/\/schulebza.de\/gymnasium\/wp-json\/wp\/v2\/tags?post=4856"}],"curies":[{"name":"wp","href":"https:\/\/api.w.org\/{rel}","templated":true}]}}

Französisch

<p style="text-align: justify;"><strong>Bienvenue !</strong></p>
<p><img decoding="async" class=" wp-image-3558 alignright" src="http://schulebza.de/gymnasium/wp-content/uploads/2019/02/logo_abibac_banniere-300x126.jpg" alt="" width="179" height="75" srcset="https://schulebza.de/gymnasium/wp-content/uploads/2019/02/logo_abibac_banniere-300x126.jpg 300w, https://schulebza.de/gymnasium/wp-content/uploads/2019/02/logo_abibac_banniere.jpg 760w" sizes="(max-width: 179px) 100vw, 179px" /></p>
<p style="text-align: justify;">Die melodische Sprache Französisch ist voller – auch lustiger – Anekdoten. Sie gehört einem Land, das kulturell, historisch und geographisch gesehen sehr vielfältig und voller Klischees ist, die es zu hinterfragen gilt. Frankreich ist unser Nachbarland und voller Möglichkeiten für unsere Schülerinnen und Schüler, nicht nur aus der beruflichen Perspektive!</p>
<p style="text-align: justify;"><img decoding="async" class=" wp-image-6344 alignleft" src="http://schulebza.de/gymnasium/wp-content/uploads/2019/08/verti.jpg" alt="" width="122" height="130" />Darüber hinaus wird die französische Sprache weltweit von mehr als 200 Millionen  Menschen als Mutter- oder Zweitsprache gesprochen und 55 Staaten sind sogenannte frankophone Länder. Die Schülerinnen und Schüler lernen durch die französische Sprache im Unterricht und in Projekten auch weitere Kulturen kennen und erweitern so ihren Horizont.</p>
<p style="text-align: justify;">Die Fachschaft Französisch legt großen Wert auf einen handlungsorientierten Unterricht (Rollenspiele, Sprachspiele, authentische Unterrichtsgegenstände, Filme, Chansons&#8230;) und den Aufbau der interkulturellen Handlungskompetenz. Abgesehen von der Integration authentischer Sprechanlässe im Unterricht, wird diese Kompetenz u. a. durch <strong><u>Austauschprogramme</u></strong>, sowie durch die seit 2017 etablierten <strong>mündlichen Prüfungen</strong> in der 8. Klasse (1. Fremdsprache) gefördert.</p>
<p style="text-align: justify;">Neben den von uns organisierten Austauschen gibt es für Schülerinnen und Schüler der Klassen 8, 9 und 10 auch immer die Möglichkeit an einem <strong><u>individuellen Austausch</u></strong> teilzunehmen. Für die 6. Klassen (1. Fremdsprache) ist zudem ein jährlich stattfindender  Tagesaustausch mit unserer Partnerschule, dem <em>Collège Georges Holderith </em>in <strong><u>Lauterbourg</u></strong> bzw. ein Tagesausflug nach Straßburg geplant.</p>
<p style="text-align: justify;">Ab der 7. Klasse können Schülerinnen und Schüler den <a href="http://schulebza.de/gymnasium/bilingualer-unterricht-ab-7-klasse/"><strong><u>bilingualen Zweig</u></strong></a> belegen. In der Oberstufe können dadurch das <a href="http://schulebza.de/gymnasium/franzoesisch-abibac/"><strong><em><u>AbiBac</u></em></strong></a>, <a href="http://schulebza.de/gymnasium/certilingua/"><strong><u>CertiLingua</u></strong></a> und/oder ein <a href="http://schulebza.de/gymnasium/franzoesisch-abibac/"><strong><u>bilinguales Abitur</u></strong></a> absolviert werden. Im Rahmen der <strong><u>Berufsorientierung</u></strong> findet jährlich eine Informationsveranstaltung zu bilingualen Studiengängen statt, die sich speziell an diese Schülerinnen und Schüler richtet.</p>
<p style="text-align: justify;">Weitere Angebote erlauben die Sprache und das Partnerland näher kennen zu lernen, zum Beispiel durch einen im Frühjahr angebotenen Tagesausflug nach <strong>Paris</strong> für Familien und Schülerinnen und Schüler ab Klasse 5, durch die erfolgreiche Teilnahme an <strong><u>Wettbewerben</u></strong> in verschiedenen Jahrgangsstufen und durch die Teilnahme am <strong><em><u>Prix des lycéens</u></em></strong> in der Oberstufe. Am 22.01. feiert die Fachschaft Französisch mit diversen Aktivitäten, Ausstellungen und Projekten den <strong><u>Deutsch-Französischen</u></strong><u> <strong>Freundschaftstag</strong></u>. Der Erlös des jährlich stattfindenden Crêpes- und Kuchenverkaufs kommt Schulen in Togo zu.</p>
<p style="text-align: justify;">Weitere Veranstaltungen, die alle zwei Jahre angeboten werden, ist der Besuch des <strong><em><u>France Mobil</u></em></strong><em>,</em> das Schülerinnen und Schüler dazu einlädt, die französische Sprache spielerisch zu entdecken, sowie der Besuch der <strong><em>Conteuse</em></strong><em>, </em>einer französischen Geschichtenerzählerin.</p>

<p>Bienvenue ! Die melodische Sprache Französisch ist voller – auch lustiger – Anekdoten. Sie gehört einem Land, das kulturell, historisch und geographisch gesehen sehr vielfältig und voller Klischees ist, die es zu hinterfragen gilt. Frankreich ist unser Nachbarland und voller Möglichkeiten für unsere Schülerinnen und Schüler, nicht nur aus der beruflichen Perspektive! Darüber hinaus wird&#8230;</p>
<p class="more-link"><a href="https://schulebza.de/gymnasium/franzoesisch/" class=""><span>Weiterlesen</span><i>&#43;</i></a></p>
