{"id":821,"date":"2023-03-27T17:24:41","date_gmt":"2023-03-27T15:24:41","guid":{"rendered":"https:\/\/schulebza.de\/gos\/?page_id=821"},"modified":"2023-03-27T17:50:55","modified_gmt":"2023-03-27T15:50:55","slug":"schulsozialarbeit-am-alfred-gosser-schulzentrum","status":"publish","type":"page","link":"https:\/\/schulebza.de\/gos\/schulsozialarbeit-am-alfred-gosser-schulzentrum\/","title":{"rendered":"Schulsozialarbeit am Alfred-Gosser Schulzentrum"},"content":{"rendered":"<p>&nbsp;<\/p>\n<p>\u00a0\u00a0\u00a0\u00a0\u00a0\u00a0\u00a0 \u00a0\u00a0\u00a0\u00a0\u00a0\u00a0 <img loading=\"lazy\" decoding=\"async\" src=\"https:\/\/schulebza.de\/gos\/wp-content\/uploads\/2023\/03\/Sarah-L-196x300.jpg\" alt=\"\" width=\"196\" height=\"300\" class=\"alignnone size-medium wp-image-822\" srcset=\"https:\/\/schulebza.de\/gos\/wp-content\/uploads\/2023\/03\/Sarah-L-196x300.jpg 196w, https:\/\/schulebza.de\/gos\/wp-content\/uploads\/2023\/03\/Sarah-L-670x1024.jpg 670w, https:\/\/schulebza.de\/gos\/wp-content\/uploads\/2023\/03\/Sarah-L-768x1174.jpg 768w, https:\/\/schulebza.de\/gos\/wp-content\/uploads\/2023\/03\/Sarah-L.jpg 875w\" sizes=\"auto, (max-width: 196px) 100vw, 196px\" \/>\u00a0 \u00a0 \u00a0 \u00a0 \u00a0 \u00a0 \u00a0 \u00a0 \u00a0 \u00a0 \u00a0 \u00a0 \u00a0 \u00a0 \u00a0 \u00a0 \u00a0 \u00a0 \u00a0 \u00a0 \u00a0 \u00a0 \u00a0 \u00a0 \u00a0 \u00a0<img loading=\"lazy\" decoding=\"async\" src=\"https:\/\/schulebza.de\/gos\/wp-content\/uploads\/2023\/03\/Martin-K-300x296.png\" alt=\"\" width=\"300\" height=\"296\" class=\"size-medium wp-image-823 alignnone\" srcset=\"https:\/\/schulebza.de\/gos\/wp-content\/uploads\/2023\/03\/Martin-K-300x296.png 300w, https:\/\/schulebza.de\/gos\/wp-content\/uploads\/2023\/03\/Martin-K.png 316w\" sizes=\"auto, (max-width: 300px) 100vw, 300px\" \/>\u00a0\u00a0\u00a0\u00a0\u00a0\u00a0\u00a0\u00a0\u00a0\u00a0\u00a0\u00a0\u00a0\u00a0 \u00a0\u00a0\u00a0\u00a0\u00a0\u00a0\u00a0\u00a0\u00a0\u00a0\u00a0\u00a0\u00a0\u00a0\u00a0\u00a0\u00a0\u00a0\u00a0\u00a0\u00a0\u00a0\u00a0\u00a0\u00a0\u00a0\u00a0\u00a0\u00a0\u00a0\u00a0<\/p>\n<p>&nbsp;<\/p>\n<p>\u00a0 \u00a0 \u00a0 \u00a0 \u00a0 \u00a0 \u00a0 \u00a0 \u00a0 \u00a0 \u00a0 \u00a0Sarah Lenhardt\u00a0 \u00a0 \u00a0 \u00a0 \u00a0 \u00a0 \u00a0 \u00a0 \u00a0 \u00a0 \u00a0 \u00a0 \u00a0 \u00a0 \u00a0 \u00a0 \u00a0 \u00a0 \u00a0 \u00a0 \u00a0 \u00a0 \u00a0 \u00a0 \u00a0 \u00a0 \u00a0 \u00a0 \u00a0 \u00a0 \u00a0 \u00a0 \u00a0 \u00a0 \u00a0 \u00a0 \u00a0 \u00a0 \u00a0 \u00a0 \u00a0 \u00a0 \u00a0 \u00a0 \u00a0 \u00a0Martin Krisch<\/p>\n<p>\u00a0 \u00a0 \u00a0 \u00a0 \u00a0 \u00a0 \u00a0 \u00a0 \u00a0B.A. Soziale Arbeit ( HS)\u00a0 \u00a0 \u00a0 \u00a0 \u00a0 \u00a0 \u00a0 \u00a0 \u00a0 \u00a0 \u00a0 \u00a0 \u00a0 \u00a0 \u00a0 \u00a0 \u00a0 \u00a0 \u00a0 \u00a0 \u00a0 \u00a0 \u00a0 \u00a0 \u00a0 \u00a0 \u00a0 \u00a0 \u00a0 \u00a0 \u00a0 \u00a0 \u00a0 \u00a0 Diplom- Sozialarbeiter (FH)<\/p>\n<p>&nbsp;<\/p>\n<p>\n<strong>Was ist Schulsozialarbeit?<\/strong><br \/>\nSchulsozialarbeit ist ein zus\u00e4tzliches, offenes Angebot an der Schule, welches Sch\u00fcler*innen, Eltern\/Erziehungsberechtigte und Lehrkr\u00e4fte freiwillig in Anspruch nehmen k\u00f6nnen. Sie hilft bei Schwierigkeiten und Problemen, die man nicht alleine bew\u00e4ltigen kann, und m\u00f6chte Kinder, Jugendliche und junge Erwachsene auf dem Weg der Pers\u00f6nlichkeitsentwicklung unterst\u00fctzen.<br \/>\nDie Schulsozialarbeiterin hat eine berufliche\u00a0<strong>Schweigepflicht<\/strong>.<\/p>\n<p>&nbsp;<\/p>\n<p><strong>Was bietet Schulsoziarbeit?<\/strong><br \/>\nSch\u00fcler*innen erhalten Hilfe, Unterst\u00fctzung und Beratung bei Problemen und Sorgen, die ihnen innerhalb des Schullebens und in schwierigen Lebensphasen begegnen. Auch wenn manche Themen nicht im direkten Zusammenhang mit der Schule stehen, wirken sie sich negativ auf den Schulalltag aus. Die Arbeit mit den Sch\u00fclerinnen und Sch\u00fclern erfolgt in Einzelberatung, Gruppenarbeit und Arbeit im Klassenverband. Auch pr\u00e4ventiv ist Schulsozialarbeit t\u00e4tig. Zudem nutzen wir verschiedenste Methoden im erlebnisp\u00e4dagogischen Bereich um auch auf anderen Ebenen Zugang zu den Sch\u00fcler\/innen zu bekommen. Grunds\u00e4tzlich arbeiten wir nach dem systemischen Beratungskonzept.<\/p>\n<p>\nEltern erhalten bei Bedarf Unterst\u00fctzung in Erziehungsfragen und bei der Vermittlung zu anderen Hilfen, sowie Raum und Zeit f\u00fcr Beratung.<br \/>\nUnd auch Lehrer*innen k\u00f6nnen sich mit Anliegen, Sorgen bzgl. Sch\u00fclerinnen und Schwierigkeiten an die Schulsozialarbeit wenden.<\/p>\n<p>Bei bestimmten Themen vermitteln wir auch an andere Netzwerkpartner weiter, mit welchen wir regelm\u00e4\u00dfig in Verbindung stehen. In allen Situationen gehen wir l\u00f6sungsorientiert vor.<\/p>\n<p>&nbsp;<\/p>\n<p>\u00a0Unsere Kontaktdaten<\/p>\n<p>&nbsp;<\/p>\n<p>Sarah Lenhardt und Martin Krisch<\/p>\n<p>Raum 017 in der Realschule plus<\/p>\n<p><a href=\"mailto:s.lenhardt@schulsozialarbeit-suew.de\">s.lenhardt@schulsozialarbeit-suew.de<\/a> \/ 0173-3693611<\/p>\n<p><a href=\"mailto:m.krisch@schulsozialarbeit-suew.de\">m.krisch@schulsozialarbeit-suew.de<\/a> \/ 06343-989017<\/p>\n<p>&nbsp;<\/p>\n<p><a href=\"http:\/\/www.jugend-suew.de\">www.jugend-suew.de<\/a><\/p>\n","protected":false},"excerpt":{"rendered":"<p>&nbsp; \u00a0\u00a0\u00a0\u00a0\u00a0\u00a0\u00a0 \u00a0\u00a0\u00a0\u00a0\u00a0\u00a0 \u00a0 \u00a0 \u00a0 \u00a0 \u00a0 \u00a0 \u00a0 \u00a0 \u00a0 \u00a0 \u00a0 \u00a0 \u00a0 \u00a0 \u00a0 \u00a0 \u00a0 \u00a0 \u00a0 \u00a0 \u00a0 \u00a0 \u00a0 \u00a0 \u00a0 \u00a0\u00a0\u00a0\u00a0\u00a0\u00a0\u00a0\u00a0\u00a0\u00a0\u00a0\u00a0\u00a0\u00a0\u00a0 \u00a0\u00a0\u00a0\u00a0\u00a0\u00a0\u00a0\u00a0\u00a0\u00a0\u00a0\u00a0\u00a0\u00a0\u00a0\u00a0\u00a0\u00a0\u00a0\u00a0\u00a0\u00a0\u00a0\u00a0\u00a0\u00a0\u00a0\u00a0\u00a0\u00a0\u00a0 &nbsp; \u00a0 \u00a0 \u00a0 \u00a0 \u00a0 \u00a0 \u00a0 \u00a0 \u00a0 \u00a0 \u00a0 \u00a0Sarah Lenhardt\u00a0 \u00a0 \u00a0 \u00a0 \u00a0 \u00a0 \u00a0 \u00a0 \u00a0 \u00a0 \u00a0 \u00a0&#8230;<\/p>\n<p class=\"more-link\"><a href=\"https:\/\/schulebza.de\/gos\/schulsozialarbeit-am-alfred-gosser-schulzentrum\/\"><span>Read More<\/span><i>&#43;<\/i><\/a><\/p>\n","protected":false},"author":2,"featured_media":0,"parent":0,"menu_order":0,"comment_status":"closed","ping_status":"closed","template":"","meta":{"footnotes":""},"class_list":["post-821","page","type-page","status-publish","hentry"],"_links":{"self":[{"href":"https:\/\/schulebza.de\/gos\/wp-json\/wp\/v2\/pages\/821","targetHints":{"allow":["GET"]}}],"collection":[{"href":"https:\/\/schulebza.de\/gos\/wp-json\/wp\/v2\/pages"}],"about":[{"href":"https:\/\/schulebza.de\/gos\/wp-json\/wp\/v2\/types\/page"}],"author":[{"embeddable":true,"href":"https:\/\/schulebza.de\/gos\/wp-json\/wp\/v2\/users\/2"}],"replies":[{"embeddable":true,"href":"https:\/\/schulebza.de\/gos\/wp-json\/wp\/v2\/comments?post=821"}],"version-history":[{"count":2,"href":"https:\/\/schulebza.de\/gos\/wp-json\/wp\/v2\/pages\/821\/revisions"}],"predecessor-version":[{"id":827,"href":"https:\/\/schulebza.de\/gos\/wp-json\/wp\/v2\/pages\/821\/revisions\/827"}],"wp:attachment":[{"href":"https:\/\/schulebza.de\/gos\/wp-json\/wp\/v2\/media?parent=821"}],"curies":[{"name":"wp","href":"https:\/\/api.w.org\/{rel}","templated":true}]}}