{"id":690,"date":"2022-12-30T10:51:19","date_gmt":"2022-12-30T09:51:19","guid":{"rendered":"https:\/\/schulebza.de\/gos\/?page_id=690"},"modified":"2022-12-30T11:05:17","modified_gmt":"2022-12-30T10:05:17","slug":"werbeflyer-zum-thema-freizeit-und-naherholung","status":"publish","type":"page","link":"https:\/\/schulebza.de\/gos\/sachen-aus-dem-unterricht\/werbeflyer-zum-thema-freizeit-und-naherholung\/","title":{"rendered":"Werbeflyer zum Thema &#8222;Freizeit und Naherholung&#8220;"},"content":{"rendered":"<p><img loading=\"lazy\" decoding=\"async\" src=\"https:\/\/schulebza.de\/gos\/wp-content\/uploads\/2022\/12\/08D9A098-0602-4093-ACFA-95680D701E9C-1024x768.jpeg\" alt=\"\" width=\"1024\" height=\"768\" class=\"wp-image-692 size-large aligncenter\" srcset=\"https:\/\/schulebza.de\/gos\/wp-content\/uploads\/2022\/12\/08D9A098-0602-4093-ACFA-95680D701E9C-1024x768.jpeg 1024w, https:\/\/schulebza.de\/gos\/wp-content\/uploads\/2022\/12\/08D9A098-0602-4093-ACFA-95680D701E9C-300x225.jpeg 300w, https:\/\/schulebza.de\/gos\/wp-content\/uploads\/2022\/12\/08D9A098-0602-4093-ACFA-95680D701E9C-768x576.jpeg 768w, https:\/\/schulebza.de\/gos\/wp-content\/uploads\/2022\/12\/08D9A098-0602-4093-ACFA-95680D701E9C-1536x1152.jpeg 1536w, https:\/\/schulebza.de\/gos\/wp-content\/uploads\/2022\/12\/08D9A098-0602-4093-ACFA-95680D701E9C-2048x1536.jpeg 2048w\" sizes=\"auto, (max-width: 1024px) 100vw, 1024px\" \/><\/p>\n<p><span>Die Klasse 6e entwickelte im Fach Erdkunde im Rahmen der Unterrichtsreihe \u201eFreizeit und Naherholung\u201c selbstst\u00e4ndig Werbeflyer zu ausgew\u00e4hlten Touristenattraktion. Um den perfekten Flyer zu erstellen, analysierten wir zuerst unterschiedliche Werbeangebote und erarbeiteten Kriterien, die n\u00f6tig sind, um interessierte Touristen anzuwerben. Der Kreativit\u00e4t der Sch\u00fcler*Innen wurden keine Grenzen gesetzt. Die Flyer wurden gestaltet von: Robbenflyer (Fee), Dinoflyer (Colin), Kapsweyerflyer (Chiara) Hotel Villa Madonna (Marjana). (Beitrag von Simone Gauer)<\/span><\/p>\n<p>&nbsp;<\/p>\n","protected":false},"excerpt":{"rendered":"<p>Die Klasse 6e entwickelte im Fach Erdkunde im Rahmen der Unterrichtsreihe \u201eFreizeit und Naherholung\u201c selbstst\u00e4ndig Werbeflyer zu ausgew\u00e4hlten Touristenattraktion. Um den perfekten Flyer zu erstellen, analysierten wir zuerst unterschiedliche Werbeangebote und erarbeiteten Kriterien, die n\u00f6tig sind, um interessierte Touristen anzuwerben. Der Kreativit\u00e4t der Sch\u00fcler*Innen wurden keine Grenzen gesetzt. Die Flyer wurden gestaltet von: Robbenflyer (Fee),&#8230;<\/p>\n<p class=\"more-link\"><a href=\"https:\/\/schulebza.de\/gos\/sachen-aus-dem-unterricht\/werbeflyer-zum-thema-freizeit-und-naherholung\/\"><span>Read More<\/span><i>&#43;<\/i><\/a><\/p>\n","protected":false},"author":2,"featured_media":692,"parent":583,"menu_order":0,"comment_status":"closed","ping_status":"closed","template":"","meta":{"footnotes":""},"class_list":["post-690","page","type-page","status-publish","has-post-thumbnail","hentry"],"_links":{"self":[{"href":"https:\/\/schulebza.de\/gos\/wp-json\/wp\/v2\/pages\/690","targetHints":{"allow":["GET"]}}],"collection":[{"href":"https:\/\/schulebza.de\/gos\/wp-json\/wp\/v2\/pages"}],"about":[{"href":"https:\/\/schulebza.de\/gos\/wp-json\/wp\/v2\/types\/page"}],"author":[{"embeddable":true,"href":"https:\/\/schulebza.de\/gos\/wp-json\/wp\/v2\/users\/2"}],"replies":[{"embeddable":true,"href":"https:\/\/schulebza.de\/gos\/wp-json\/wp\/v2\/comments?post=690"}],"version-history":[{"count":3,"href":"https:\/\/schulebza.de\/gos\/wp-json\/wp\/v2\/pages\/690\/revisions"}],"predecessor-version":[{"id":700,"href":"https:\/\/schulebza.de\/gos\/wp-json\/wp\/v2\/pages\/690\/revisions\/700"}],"up":[{"embeddable":true,"href":"https:\/\/schulebza.de\/gos\/wp-json\/wp\/v2\/pages\/583"}],"wp:featuredmedia":[{"embeddable":true,"href":"https:\/\/schulebza.de\/gos\/wp-json\/wp\/v2\/media\/692"}],"wp:attachment":[{"href":"https:\/\/schulebza.de\/gos\/wp-json\/wp\/v2\/media?parent=690"}],"curies":[{"name":"wp","href":"https:\/\/api.w.org\/{rel}","templated":true}]}}