{"id":28,"date":"2021-02-16T17:03:42","date_gmt":"2021-02-16T16:03:42","guid":{"rendered":"https:\/\/schulebza.de\/gos\/?page_id=28"},"modified":"2022-12-30T10:20:50","modified_gmt":"2022-12-30T09:20:50","slug":"die-gos-stellt-sich-vor","status":"publish","type":"page","link":"https:\/\/schulebza.de\/gos\/die-gos-stellt-sich-vor\/","title":{"rendered":"Die GOS stellt sich vor"},"content":{"rendered":"<p><strong>Die Leitung der GOS beim Gymnasium<\/strong> \u2013 Sabine Bott<br \/>\n<strong>Die Leitung der GOS bei der Realschule plus<\/strong> \u2013 Judith Hafner<\/p>\n<p>Lehrkr\u00e4fte \u00fcbernehmen ca. zur H\u00e4lfte der beiden Schulformen die Klassenleitungen sowie den Fachunterricht in allen 5. und 6. Klassen.<\/p>\n<div class=\"su-accordion su-u-trim\"><div class=\"su-spoiler su-spoiler-style-default su-spoiler-icon-plus su-spoiler-closed\" data-scroll-offset=\"0\" data-anchor-in-url=\"no\"><div class=\"su-spoiler-title\" tabindex=\"0\" role=\"button\"><span class=\"su-spoiler-icon\"><\/span>Angebote zum \u00dcbergang von der Grundschule zur Gemeinsamen Orientierungsstufe:<\/div><div class=\"su-spoiler-content su-u-clearfix su-u-trim\">\n<ul>\n<li>Info-Abend f\u00fcr Eltern von Sch\u00fclerinnen und Sch\u00fcler der 4. Klassen (Ende November\/ Anfang Dezember)<\/li>\n<li>Tag der Offenen T\u00fcren mit \u201eSchnupperunterricht&#8220; (Ende Januar)<\/li>\n<li>GOS-Flyer und Brosch\u00fcre (im Sekretariat erh\u00e4ltlich)<\/li>\n<li>Einladung zum Kennenlernnachmittag, an dem die Sch\u00fclerinnen und Sch\u00fcler der k\u00fcnftigen 5. Klassen an einem Nachmittag vor den Sommerferien ihre Klassenleitung und ihre Klassenkameraden kennenlernen. Hier gibt es f\u00fcr sie auch einen ersten \u201eWegweiser&#8220;.<\/li>\n<li>1. Schultag: \u00f6kumenischer Schuler\u00f6ffnungsgottesdienst f\u00fcr die Neuen und im Anschluss Willkommensfeier in der Aula und Klassenleiterstunden<\/li>\n<li>Zun\u00e4chst finden in den 5. Klassen zwei Orientierungstage mit der Klassenleiterin bzw. dem Klassenleiter statt.<\/li>\n<li>Die Lehrkr\u00e4fte, die in Fachr\u00e4umen oder in der Sporthalle unterrichten, holen die Kinder in den ersten Wochen am Klassensaal ab und begleiten sie in den nachfolgenden Unterricht<\/li>\n<\/ul>\n<\/div><\/div>\n<\/div>\n<div class=\"su-accordion su-u-trim\"><div class=\"su-spoiler su-spoiler-style-default su-spoiler-icon-plus su-spoiler-closed\" data-scroll-offset=\"0\" data-anchor-in-url=\"no\"><div class=\"su-spoiler-title\" tabindex=\"0\" role=\"button\"><span class=\"su-spoiler-icon\"><\/span>Schwerpunkte der p\u00e4dagogischen Arbeit in der Gemeinsamen Orientierungsstufe:<\/div><div class=\"su-spoiler-content su-u-clearfix su-u-trim\">\n<strong><\/strong><\/p>\n<ul>\n<li>St\u00e4rkung der sozialen, personalen und methodischen Kompetenzen der Sch\u00fclerinnen und Sch\u00fcler<\/li>\n<li>Eine Klassenleiterstunde pro Woche (Klassen\u00e4mter, Ansprechen von Problemen, usw.)<\/li>\n<li>Einbindung des Schulsozialarbeiters: sozial- und gruppenp\u00e4dagogische Ma\u00dfnahmen sowie Pr\u00e4ventionstage<\/li>\n<li>P\u00e4dagogische Beratungskonferenzen<\/li>\n<li>Enge Zusammenarbeit mit den Eltern, etwa durch die Arbeitskreise GOS oder dem Arbeitskreis Bus und Verkehr<\/li>\n<li>Einsatz von diagnostischen Interviews in Mathematik bzw. Tests in Deutsch.<\/li>\n<li>Erstellung von individuellen F\u00f6rder-\/Lernpl\u00e4nen f\u00fcr einen festgelegten Zeitraum in Absprache mit den Eltern mit Evaluation<\/li>\n<li>F\u00f6rderunterricht in den F\u00e4chern Mathematik und Englisch ab dem zweiten Halbjahr der Klassenstufe 5.<\/li>\n<li>Kooperation mit au\u00dferschulischen Serviceeinrichtungen<\/li>\n<li>Schullaufbahnberatung am Ende der Klassenstufe 5 (2. Fremdsprache oder WPF-Bereich) und Schullaufbahn-Empfehlungen am Ende der Klassenstufe 6<\/li>\n<li>St\u00e4rkung der Lesekompetenz: Bibliotheksf\u00fchrung mit Informationen zur Ausleihe, Lese-AG, Lesewettbewerb der 6. Klassen, Autorenlesungen<\/li>\n<li>In den Unterricht integriertes in der Stufe angestimmtes Methodentraining<\/li>\n<li>Veranstaltungen zum Thema \u201eSicherheit im Stra\u00dfenverkehr&#8220;: die \u201eBusschule&#8220; und \u201eAchtung Auto&#8220;<\/li>\n<li>Themenorientierte Exkursionen, Ausfl\u00fcge, Wandertage, Klassenfahrt (3 Tage)<\/li>\n<li>Musikfreizeiten f\u00fcr Bl\u00e4ser- und Streicherklassen sowie Nawi-Freizeit<\/li>\n<\/ul>\n<\/div><\/div>\n<\/div>\n<div class=\"su-accordion su-u-trim\"><div class=\"su-spoiler su-spoiler-style-default su-spoiler-icon-plus su-spoiler-closed\" data-scroll-offset=\"0\" data-anchor-in-url=\"no\"><div class=\"su-spoiler-title\" tabindex=\"0\" role=\"button\"><span class=\"su-spoiler-icon\"><\/span>Schwerpunkte der Unterrichtsgestaltung in der Gemeinsamen Orientierungsstufe:<\/div><div class=\"su-spoiler-content su-u-clearfix su-u-trim\">\n<p><strong><\/strong><\/p>\n<ul>\n<li>Eine h\u00f6here Zuweisung von Lehrerwochenstunden erm\u00f6glicht die Bildung kleinerer Klassen und den Ausbau der individuellen F\u00f6rderung &#8211; unser Kleinklassenmodell<\/li>\n<li>Methodentraining, Stationenlernen und andere offene Unterrichtsformen als feste Bestandteile der zweij\u00e4hrigen Orientierungsphase<\/li>\n<li>&#8222;Abenteuer LESEN&#8220; als integrierter Bestandteil des Deutschunterrichts<\/li>\n<li>Absprachen der Fachlehrkr\u00e4fte und paralleles Arbeiten in den einzelnen F\u00e4chern zur Sicherstellung des Lernstandniveaus am Ende der Klassenstufe 6<\/li>\n<li>Eine Parallelarbeit in den Hauptf\u00e4chern in den 5. Klassen<\/li>\n<li>Erarbeitung und Fortschreibung schulinterner Arbeitspl\u00e4ne und Lernstandards in den einzelnen Fachbereichen durch Lehrkr\u00e4fte beider Schulen<\/li>\n<li>Engagement der Lehrkr\u00e4fte im Hinblick auf f\u00e4cher\u00fcbergreifendes und projektorientiertes Arbeiten in den einzelnen Klassen<\/li>\n<li>Erweiterte Angebote f\u00fcr motivierte und interessierte Sch\u00fclerinnen und Sch\u00fcler im Bereich der Arbeitsgemeinschaften (Lego-League, Jugend forscht, Jugend trainiert f\u00fcr Olympia, Darstellendes Spiel &#8230;) und Unterst\u00fctzung bei der Teilnahme an Wettbewerben<\/li>\n<\/ul>\n<\/div><\/div>\n<\/div>\n<div class=\"su-accordion su-u-trim\"><div class=\"su-spoiler su-spoiler-style-default su-spoiler-icon-plus su-spoiler-closed\" data-scroll-offset=\"0\" data-anchor-in-url=\"no\"><div class=\"su-spoiler-title\" tabindex=\"0\" role=\"button\"><span class=\"su-spoiler-icon\"><\/span>Ganztagsschule (GTS) in Angebotsform<\/div><div class=\"su-spoiler-content su-u-clearfix su-u-trim\">\n<p>Das klassen\u00fcbergreifende und jahrgangs\u00fcbergreifende Angebot :<\/p>\n<ul>\n<li>Alle Sch\u00fcler\/innen der kommenden 5. und 6. Klassen k\u00f6nnen f\u00fcr dieses Angebot angemeldet werden, egal, ob sie Englisch oder Franz\u00f6sisch als 1. Fremdsprache gew\u00e4hlt oder ob sie sich f\u00fcr eine Bl\u00e4serklasse bzw. die Streicher-Lerngruppe entschieden haben. Im Nachmittagsbereich wird nach der Mittagspause eine \u201eLernzeit&#8220; angeboten, in der die Sch\u00fclerinnen und Sch\u00fcler unter Aufsicht ihre jeweiligen Hausaufgaben selbstst\u00e4ndig erledigen sollen; danach k\u00f6nnen sie je nach Interesse an einem Projekt oder einer AG teilnehmen oder je nach Bedarf eines der F\u00f6rderangebote wahrnehmen (individueller Nachmittagsplan).<\/li>\n<li>Sch\u00fclerinnen und Sch\u00fcler mit Franz\u00f6sisch 1. Fremdsprache sowie die, die den Ethik-Unterricht besuchen, haben an einem Nachmittag pro Woche Pflichtunterricht. Das bedeutet, dass GTS-Sch\u00fclerinnen und -Sch\u00fcler mit diesen F\u00e4chern am jeweiligen Nachmittag automatisch am Pflichtunterricht ihrer Lerngruppe teilnehmen.<\/li>\n<\/ul>\n<\/div><\/div>\n<\/div>\n<div class=\"su-accordion su-u-trim\"><div class=\"su-spoiler su-spoiler-style-default su-spoiler-icon-plus su-spoiler-closed\" data-scroll-offset=\"0\" data-anchor-in-url=\"no\"><div class=\"su-spoiler-title\" tabindex=\"0\" role=\"button\"><span class=\"su-spoiler-icon\"><\/span>Schwerpunkte und Besonderheiten<\/div><div class=\"su-spoiler-content su-u-clearfix su-u-trim\">\n<p><strong><\/strong><\/p>\n<ul>\n<li>F1-Klasse: diese Klassen haben zwei zus\u00e4tzliche Wochenstunden Unterricht, sodass auch \u201enormaler&#8220; Unterricht an einem Nachmittag stattfindet. Der Sprachunterricht wird durch zwei \u201elangue&#8220;-Stunden erg\u00e4nzt, die vor allem die m\u00fcndliche Sprechfertigkeit f\u00f6rdern und auf den bilingualen Zweig ab Klassenstufe 7 am Gymnasium vorbereiten sollen. Der Franz\u00f6sisch-Unterricht wird somit verst\u00e4rkt erteilt. In Klasse 5 und 6 werden zudem auch Tagesaustausche organisiert.<\/li>\n<li>Bl\u00e4serklasse (bitte dem Link folgen f\u00fcr weitere Informationen)<\/li>\n<li>Streicher-Lerngruppe: diese Gruppe kann aus Sch\u00fclerinnen und Sch\u00fcler bestehen, die aus zwei verschiedenen Klassen kommen und im Rahmen des normalen Musikunterrichts als Lerngruppe unterrichtet werden. Zwei Lehrkr\u00e4fte mit der entsprechenden Ausbildung sind in beiden Musikstunden eingesetzt. Sie unterrichten nach der Rolland-Methode. Englisch oder Franz\u00f6sisch als 1. Fremdsprache sind m\u00f6glich. Die Lerngruppe kommt nur zustande, wenn eine festgelegte Anzahl von Sch\u00fclerinnen und Sch\u00fcler interessiert ist.<\/li>\n<li>Nawi-Klasse: In unserer Nawi-Klasse, die wir seit dem Schuljahr 2015\/2016 anbieten, erhalten Sch\u00fclerinnen und Sch\u00fcler die M\u00f6glichkeit, durch einen erweiterten zeitlichen und organisatorischen Rahmen besonders handlungsorientiert und praxisnah Naturwissenschaften kennenzulernen. Dies wird mit zus\u00e4tzlichem Unterricht an einem Praxisnachmittag und einer Reihe von Projekttagen sowie einer themenorientierten Klassenfahrt umgesetzt.<\/li>\n<li>Ethik-Unterricht: Der Unterricht ist f\u00fcr Sch\u00fclerinnen und Sch\u00fcler, die nicht am evangelischen oder katholischen Religionsunterricht teilnehmen, verpflichtend. Der Ethik-Unterricht findet regul\u00e4r an einem Nachmittag statt. W\u00e4hrend des Religionsunterrichts am Vormittag entstehen f\u00fcr diese Sch\u00fclerinnen und Sch\u00fcler Freistunden, die f\u00fcr Hausaufgaben, als Lernzeit oder Lesezeit genutzt werden k\u00f6nnen (Foyer mit Gruppentischen, Bibliothek, Arbeitsraum).<\/li>\n<\/ul>\n<\/div><\/div>\n<\/div>\n<p>&nbsp;<\/p>\n","protected":false},"excerpt":{"rendered":"<p>Die Leitung der GOS beim Gymnasium \u2013 Sabine Bott Die Leitung der GOS bei der Realschule plus \u2013 Judith Hafner Lehrkr\u00e4fte \u00fcbernehmen ca. zur H\u00e4lfte der beiden Schulformen die Klassenleitungen sowie den Fachunterricht in allen 5. und 6. Klassen. &nbsp;<\/p>\n","protected":false},"author":2,"featured_media":0,"parent":0,"menu_order":0,"comment_status":"closed","ping_status":"closed","template":"","meta":{"footnotes":""},"class_list":["post-28","page","type-page","status-publish","hentry"],"_links":{"self":[{"href":"https:\/\/schulebza.de\/gos\/wp-json\/wp\/v2\/pages\/28","targetHints":{"allow":["GET"]}}],"collection":[{"href":"https:\/\/schulebza.de\/gos\/wp-json\/wp\/v2\/pages"}],"about":[{"href":"https:\/\/schulebza.de\/gos\/wp-json\/wp\/v2\/types\/page"}],"author":[{"embeddable":true,"href":"https:\/\/schulebza.de\/gos\/wp-json\/wp\/v2\/users\/2"}],"replies":[{"embeddable":true,"href":"https:\/\/schulebza.de\/gos\/wp-json\/wp\/v2\/comments?post=28"}],"version-history":[{"count":10,"href":"https:\/\/schulebza.de\/gos\/wp-json\/wp\/v2\/pages\/28\/revisions"}],"predecessor-version":[{"id":672,"href":"https:\/\/schulebza.de\/gos\/wp-json\/wp\/v2\/pages\/28\/revisions\/672"}],"wp:attachment":[{"href":"https:\/\/schulebza.de\/gos\/wp-json\/wp\/v2\/media?parent=28"}],"curies":[{"name":"wp","href":"https:\/\/api.w.org\/{rel}","templated":true}]}}

<p><strong>Die Leitung der GOS beim Gymnasium</strong> – Sabine Bott<br />
<strong>Die Leitung der GOS bei der Realschule plus</strong> – Judith Hafner</p>
<p>Lehrkräfte übernehmen ca. zur Hälfte der beiden Schulformen die Klassenleitungen sowie den Fachunterricht in allen 5. und 6. Klassen.</p>
<div class="su-accordion su-u-trim"><div class="su-spoiler su-spoiler-style-default su-spoiler-icon-plus su-spoiler-closed" data-scroll-offset="0" data-anchor-in-url="no"><div class="su-spoiler-title" tabindex="0" role="button"><span class="su-spoiler-icon"></span>Angebote zum Übergang von der Grundschule zur Gemeinsamen Orientierungsstufe:</div><div class="su-spoiler-content su-u-clearfix su-u-trim">
<ul>
<li>Info-Abend für Eltern von Schülerinnen und Schüler der 4. Klassen (Ende November/ Anfang Dezember)</li>
<li>Tag der Offenen Türen mit „Schnupperunterricht&#8220; (Ende Januar)</li>
<li>GOS-Flyer und Broschüre (im Sekretariat erhältlich)</li>
<li>Einladung zum Kennenlernnachmittag, an dem die Schülerinnen und Schüler der künftigen 5. Klassen an einem Nachmittag vor den Sommerferien ihre Klassenleitung und ihre Klassenkameraden kennenlernen. Hier gibt es für sie auch einen ersten „Wegweiser&#8220;.</li>
<li>1. Schultag: ökumenischer Schuleröffnungsgottesdienst für die Neuen und im Anschluss Willkommensfeier in der Aula und Klassenleiterstunden</li>
<li>Zunächst finden in den 5. Klassen zwei Orientierungstage mit der Klassenleiterin bzw. dem Klassenleiter statt.</li>
<li>Die Lehrkräfte, die in Fachräumen oder in der Sporthalle unterrichten, holen die Kinder in den ersten Wochen am Klassensaal ab und begleiten sie in den nachfolgenden Unterricht</li>
</ul>
</div></div>
</div>
<div class="su-accordion su-u-trim"><div class="su-spoiler su-spoiler-style-default su-spoiler-icon-plus su-spoiler-closed" data-scroll-offset="0" data-anchor-in-url="no"><div class="su-spoiler-title" tabindex="0" role="button"><span class="su-spoiler-icon"></span>Schwerpunkte der pädagogischen Arbeit in der Gemeinsamen Orientierungsstufe:</div><div class="su-spoiler-content su-u-clearfix su-u-trim">
<strong></strong></p>
<ul>
<li>Stärkung der sozialen, personalen und methodischen Kompetenzen der Schülerinnen und Schüler</li>
<li>Eine Klassenleiterstunde pro Woche (Klassenämter, Ansprechen von Problemen, usw.)</li>
<li>Einbindung des Schulsozialarbeiters: sozial- und gruppenpädagogische Maßnahmen sowie Präventionstage</li>
<li>Pädagogische Beratungskonferenzen</li>
<li>Enge Zusammenarbeit mit den Eltern, etwa durch die Arbeitskreise GOS oder dem Arbeitskreis Bus und Verkehr</li>
<li>Einsatz von diagnostischen Interviews in Mathematik bzw. Tests in Deutsch.</li>
<li>Erstellung von individuellen Förder-/Lernplänen für einen festgelegten Zeitraum in Absprache mit den Eltern mit Evaluation</li>
<li>Förderunterricht in den Fächern Mathematik und Englisch ab dem zweiten Halbjahr der Klassenstufe 5.</li>
<li>Kooperation mit außerschulischen Serviceeinrichtungen</li>
<li>Schullaufbahnberatung am Ende der Klassenstufe 5 (2. Fremdsprache oder WPF-Bereich) und Schullaufbahn-Empfehlungen am Ende der Klassenstufe 6</li>
<li>Stärkung der Lesekompetenz: Bibliotheksführung mit Informationen zur Ausleihe, Lese-AG, Lesewettbewerb der 6. Klassen, Autorenlesungen</li>
<li>In den Unterricht integriertes in der Stufe angestimmtes Methodentraining</li>
<li>Veranstaltungen zum Thema „Sicherheit im Straßenverkehr&#8220;: die „Busschule&#8220; und „Achtung Auto&#8220;</li>
<li>Themenorientierte Exkursionen, Ausflüge, Wandertage, Klassenfahrt (3 Tage)</li>
<li>Musikfreizeiten für Bläser- und Streicherklassen sowie Nawi-Freizeit</li>
</ul>
</div></div>
</div>
<div class="su-accordion su-u-trim"><div class="su-spoiler su-spoiler-style-default su-spoiler-icon-plus su-spoiler-closed" data-scroll-offset="0" data-anchor-in-url="no"><div class="su-spoiler-title" tabindex="0" role="button"><span class="su-spoiler-icon"></span>Schwerpunkte der Unterrichtsgestaltung in der Gemeinsamen Orientierungsstufe:</div><div class="su-spoiler-content su-u-clearfix su-u-trim">
<p><strong></strong></p>
<ul>
<li>Eine höhere Zuweisung von Lehrerwochenstunden ermöglicht die Bildung kleinerer Klassen und den Ausbau der individuellen Förderung &#8211; unser Kleinklassenmodell</li>
<li>Methodentraining, Stationenlernen und andere offene Unterrichtsformen als feste Bestandteile der zweijährigen Orientierungsphase</li>
<li>&#8222;Abenteuer LESEN&#8220; als integrierter Bestandteil des Deutschunterrichts</li>
<li>Absprachen der Fachlehrkräfte und paralleles Arbeiten in den einzelnen Fächern zur Sicherstellung des Lernstandniveaus am Ende der Klassenstufe 6</li>
<li>Eine Parallelarbeit in den Hauptfächern in den 5. Klassen</li>
<li>Erarbeitung und Fortschreibung schulinterner Arbeitspläne und Lernstandards in den einzelnen Fachbereichen durch Lehrkräfte beider Schulen</li>
<li>Engagement der Lehrkräfte im Hinblick auf fächerübergreifendes und projektorientiertes Arbeiten in den einzelnen Klassen</li>
<li>Erweiterte Angebote für motivierte und interessierte Schülerinnen und Schüler im Bereich der Arbeitsgemeinschaften (Lego-League, Jugend forscht, Jugend trainiert für Olympia, Darstellendes Spiel &#8230;) und Unterstützung bei der Teilnahme an Wettbewerben</li>
</ul>
</div></div>
</div>
<div class="su-accordion su-u-trim"><div class="su-spoiler su-spoiler-style-default su-spoiler-icon-plus su-spoiler-closed" data-scroll-offset="0" data-anchor-in-url="no"><div class="su-spoiler-title" tabindex="0" role="button"><span class="su-spoiler-icon"></span>Ganztagsschule (GTS) in Angebotsform</div><div class="su-spoiler-content su-u-clearfix su-u-trim">
<p>Das klassenübergreifende und jahrgangsübergreifende Angebot :</p>
<ul>
<li>Alle Schüler/innen der kommenden 5. und 6. Klassen können für dieses Angebot angemeldet werden, egal, ob sie Englisch oder Französisch als 1. Fremdsprache gewählt oder ob sie sich für eine Bläserklasse bzw. die Streicher-Lerngruppe entschieden haben. Im Nachmittagsbereich wird nach der Mittagspause eine „Lernzeit&#8220; angeboten, in der die Schülerinnen und Schüler unter Aufsicht ihre jeweiligen Hausaufgaben selbstständig erledigen sollen; danach können sie je nach Interesse an einem Projekt oder einer AG teilnehmen oder je nach Bedarf eines der Förderangebote wahrnehmen (individueller Nachmittagsplan).</li>
<li>Schülerinnen und Schüler mit Französisch 1. Fremdsprache sowie die, die den Ethik-Unterricht besuchen, haben an einem Nachmittag pro Woche Pflichtunterricht. Das bedeutet, dass GTS-Schülerinnen und -Schüler mit diesen Fächern am jeweiligen Nachmittag automatisch am Pflichtunterricht ihrer Lerngruppe teilnehmen.</li>
</ul>
</div></div>
</div>
<div class="su-accordion su-u-trim"><div class="su-spoiler su-spoiler-style-default su-spoiler-icon-plus su-spoiler-closed" data-scroll-offset="0" data-anchor-in-url="no"><div class="su-spoiler-title" tabindex="0" role="button"><span class="su-spoiler-icon"></span>Schwerpunkte und Besonderheiten</div><div class="su-spoiler-content su-u-clearfix su-u-trim">
<p><strong></strong></p>
<ul>
<li>F1-Klasse: diese Klassen haben zwei zusätzliche Wochenstunden Unterricht, sodass auch „normaler&#8220; Unterricht an einem Nachmittag stattfindet. Der Sprachunterricht wird durch zwei „langue&#8220;-Stunden ergänzt, die vor allem die mündliche Sprechfertigkeit fördern und auf den bilingualen Zweig ab Klassenstufe 7 am Gymnasium vorbereiten sollen. Der Französisch-Unterricht wird somit verstärkt erteilt. In Klasse 5 und 6 werden zudem auch Tagesaustausche organisiert.</li>
<li>Bläserklasse (bitte dem Link folgen für weitere Informationen)</li>
<li>Streicher-Lerngruppe: diese Gruppe kann aus Schülerinnen und Schüler bestehen, die aus zwei verschiedenen Klassen kommen und im Rahmen des normalen Musikunterrichts als Lerngruppe unterrichtet werden. Zwei Lehrkräfte mit der entsprechenden Ausbildung sind in beiden Musikstunden eingesetzt. Sie unterrichten nach der Rolland-Methode. Englisch oder Französisch als 1. Fremdsprache sind möglich. Die Lerngruppe kommt nur zustande, wenn eine festgelegte Anzahl von Schülerinnen und Schüler interessiert ist.</li>
<li>Nawi-Klasse: In unserer Nawi-Klasse, die wir seit dem Schuljahr 2015/2016 anbieten, erhalten Schülerinnen und Schüler die Möglichkeit, durch einen erweiterten zeitlichen und organisatorischen Rahmen besonders handlungsorientiert und praxisnah Naturwissenschaften kennenzulernen. Dies wird mit zusätzlichem Unterricht an einem Praxisnachmittag und einer Reihe von Projekttagen sowie einer themenorientierten Klassenfahrt umgesetzt.</li>
<li>Ethik-Unterricht: Der Unterricht ist für Schülerinnen und Schüler, die nicht am evangelischen oder katholischen Religionsunterricht teilnehmen, verpflichtend. Der Ethik-Unterricht findet regulär an einem Nachmittag statt. Während des Religionsunterrichts am Vormittag entstehen für diese Schülerinnen und Schüler Freistunden, die für Hausaufgaben, als Lernzeit oder Lesezeit genutzt werden können (Foyer mit Gruppentischen, Bibliothek, Arbeitsraum).</li>
</ul>
</div></div>
</div>
<p>&nbsp;</p>

<p>Die Leitung der GOS beim Gymnasium – Sabine Bott Die Leitung der GOS bei der Realschule plus – Judith Hafner Lehrkräfte übernehmen ca. zur Hälfte der beiden Schulformen die Klassenleitungen sowie den Fachunterricht in allen 5. und 6. Klassen. &nbsp;</p>
