{"id":245,"date":"2021-08-22T14:50:16","date_gmt":"2021-08-22T12:50:16","guid":{"rendered":"https:\/\/schulebza.de\/gos\/?page_id=245"},"modified":"2021-08-22T14:50:16","modified_gmt":"2021-08-22T12:50:16","slug":"blaeserklassen","status":"publish","type":"page","link":"https:\/\/schulebza.de\/gos\/blaeserklassen\/","title":{"rendered":"Bl\u00e4serklassen"},"content":{"rendered":"<div style=\"text-align: justify;\">Mit dem Eintritt in die 5. Klasse der Gemeinsamen Orientierungsstufe\u00a0von Realschule und Gymnasium ist den Sch\u00fclern freigestellt im regul\u00e4ren Musikunterricht ein schuleigenes Blasinstrument von Querfl\u00f6te \u00fcber Saxophon bis zur Tuba unter fachgem\u00e4\u00dfer Leitung zu erlernen. Der theoretische Musikunterricht entf\u00e4llt. Die Sch\u00fcler, die entschlie\u00dfen ein Instrument zu erlernen, werden in sogenannten &#8222;Bl\u00e4serklassen&#8220; zusammengefasst, die f\u00fcr zwei Jahre (5. und 6. Klasse) zusammenbleiben.<\/div>\n<div style=\"text-align: justify;\"><\/div>\n<div>\n<div style=\"text-align: justify;\" align=\"left\">Nach der Orientierungsstufe, also nach dem \u00dcbergang an Gymnasium bzw. Realschule, kann die Option Bl\u00e4serklasse noch zwei weitere Jahre fortgef\u00fchrt werden. An der Realschule ist kann man das gemeinsame Musizieren als sog. Wahlpflichtfach belegen, am Gymnasium ist es m\u00f6glich das Selbige nach wie vor im regul\u00e4ren Musikunterricht fortzuf\u00fchren, nun jedoch mit Hinzunahme von theoretischem Unterricht.<\/div>\n<div style=\"text-align: justify;\"><\/div>\n<div style=\"text-align: justify;\" align=\"left\">Au\u00dferhalb des Unterrichts und nach der 6. bzw. nach der 8. Klasse oder auch ohne jemals in einer Bl\u00e4serklasse besucht zu haben (Instrumentalkenntnisse sind nat\u00fcrlich vonn\u00f6ten) ist es m\u00f6glich, zusammen mit anderen schulischen Musikern in weiterf\u00fchrenden Arbeitsgemeinschaften zu musizieren.<\/div>\n<div style=\"text-align: justify;\" align=\"left\">Theodor Schmidt bietet hierzu die Big Band des Gymnasiums (Jazz-Combo) und als Vororchester das Symphonic Jazz Orchester an.<\/div>\n<div style=\"text-align: justify;\">\n<p>Informationen hierzu erhalten Sie am Tag der offenen T\u00fcren sowie jederzeit in den Sekretariaten von Gymnasium und der GOS.<\/p>\n<p>Die folgenden Links f\u00fchren zu Videos der Klasse 5z 2012\/2013 im ersten Lernjahr auf Youtube, die in einer Schulstunde im Musikssal des Gymnasiums aufgenommen wurden:<\/p>\n<\/div>\n<div><div class=\"su-youtube su-u-responsive-media-yes\"><iframe loading=\"lazy\" width=\"600\" height=\"400\" src=\"https:\/\/www.youtube.com\/embed\/-8RPfr6Bn0g?\" frameborder=\"0\" allowfullscreen allow=\"autoplay; encrypted-media; picture-in-picture\" title=\"\"><\/iframe><\/div><\/div>\n<div><div class=\"su-youtube su-u-responsive-media-yes\"><iframe loading=\"lazy\" width=\"600\" height=\"400\" src=\"https:\/\/www.youtube.com\/embed\/bQmI3vg0sMo?\" frameborder=\"0\" allowfullscreen allow=\"autoplay; encrypted-media; picture-in-picture\" title=\"\"><\/iframe><\/div><\/div>\n<div><div class=\"su-youtube su-u-responsive-media-yes\"><iframe loading=\"lazy\" width=\"600\" height=\"400\" src=\"https:\/\/www.youtube.com\/embed\/WpkyYCfjpH8?\" frameborder=\"0\" allowfullscreen allow=\"autoplay; encrypted-media; picture-in-picture\" title=\"\"><\/iframe><\/div><\/div>\n<div><div class=\"su-youtube su-u-responsive-media-yes\"><iframe loading=\"lazy\" width=\"600\" height=\"400\" src=\"https:\/\/www.youtube.com\/embed\/ENAy-jSifsM?\" frameborder=\"0\" allowfullscreen allow=\"autoplay; encrypted-media; picture-in-picture\" title=\"\"><\/iframe><\/div><\/div>\n<\/div>\n","protected":false},"excerpt":{"rendered":"<p>Mit dem Eintritt in die 5. Klasse der Gemeinsamen Orientierungsstufe\u00a0von Realschule und Gymnasium ist den Sch\u00fclern freigestellt im regul\u00e4ren Musikunterricht ein schuleigenes Blasinstrument von Querfl\u00f6te \u00fcber Saxophon bis zur Tuba unter fachgem\u00e4\u00dfer Leitung zu erlernen. Der theoretische Musikunterricht entf\u00e4llt. Die Sch\u00fcler, die entschlie\u00dfen ein Instrument zu erlernen, werden in sogenannten &#8222;Bl\u00e4serklassen&#8220; zusammengefasst, die f\u00fcr zwei&#8230;<\/p>\n<p class=\"more-link\"><a href=\"https:\/\/schulebza.de\/gos\/blaeserklassen\/\"><span>Read More<\/span><i>&#43;<\/i><\/a><\/p>\n","protected":false},"author":2,"featured_media":0,"parent":0,"menu_order":0,"comment_status":"closed","ping_status":"closed","template":"","meta":{"footnotes":""},"class_list":["post-245","page","type-page","status-publish","hentry"],"_links":{"self":[{"href":"https:\/\/schulebza.de\/gos\/wp-json\/wp\/v2\/pages\/245","targetHints":{"allow":["GET"]}}],"collection":[{"href":"https:\/\/schulebza.de\/gos\/wp-json\/wp\/v2\/pages"}],"about":[{"href":"https:\/\/schulebza.de\/gos\/wp-json\/wp\/v2\/types\/page"}],"author":[{"embeddable":true,"href":"https:\/\/schulebza.de\/gos\/wp-json\/wp\/v2\/users\/2"}],"replies":[{"embeddable":true,"href":"https:\/\/schulebza.de\/gos\/wp-json\/wp\/v2\/comments?post=245"}],"version-history":[{"count":1,"href":"https:\/\/schulebza.de\/gos\/wp-json\/wp\/v2\/pages\/245\/revisions"}],"predecessor-version":[{"id":246,"href":"https:\/\/schulebza.de\/gos\/wp-json\/wp\/v2\/pages\/245\/revisions\/246"}],"wp:attachment":[{"href":"https:\/\/schulebza.de\/gos\/wp-json\/wp\/v2\/media?parent=245"}],"curies":[{"name":"wp","href":"https:\/\/api.w.org\/{rel}","templated":true}]}}